{"id":122,"date":"2020-06-02T11:57:10","date_gmt":"2020-06-02T09:57:10","guid":{"rendered":"http:\/\/grundschule-badsoden.de\/?page_id=122"},"modified":"2025-10-01T17:18:47","modified_gmt":"2025-10-01T15:18:47","slug":"bilder","status":"publish","type":"page","link":"https:\/\/grundschule-badsoden.de\/index.php\/bilder\/","title":{"rendered":"Bilder"},"content":{"rendered":"\n<h3 class=\"wp-block-heading\" id=\"aktuelle-bilder-des-fordervereins-und-der-betreuung\">Aktuelle Bilder des F\u00f6rdervereins und der Betreuung<\/h3>\n\n\n\n<h4 class=\"wp-block-heading\">Am 20.02.2024 besuchte ein Glasbl\u00e4ser aus Coburg unsere Schule:<\/h4>\n\n\n\n<figure class=\"wp-block-image size-large\"><img loading=\"lazy\" decoding=\"async\" width=\"819\" height=\"1024\" src=\"https:\/\/grundschule-badsoden.de\/wp-content\/uploads\/2024\/02\/98d11db3-2c74-4bc1-a0a1-2b853ed2782e-819x1024.jpg\" alt=\"\" class=\"wp-image-2837\" srcset=\"https:\/\/grundschule-badsoden.de\/wp-content\/uploads\/2024\/02\/98d11db3-2c74-4bc1-a0a1-2b853ed2782e-819x1024.jpg 819w, https:\/\/grundschule-badsoden.de\/wp-content\/uploads\/2024\/02\/98d11db3-2c74-4bc1-a0a1-2b853ed2782e-240x300.jpg 240w, https:\/\/grundschule-badsoden.de\/wp-content\/uploads\/2024\/02\/98d11db3-2c74-4bc1-a0a1-2b853ed2782e-768x960.jpg 768w, https:\/\/grundschule-badsoden.de\/wp-content\/uploads\/2024\/02\/98d11db3-2c74-4bc1-a0a1-2b853ed2782e-1229x1536.jpg 1229w, https:\/\/grundschule-badsoden.de\/wp-content\/uploads\/2024\/02\/98d11db3-2c74-4bc1-a0a1-2b853ed2782e.jpg 1440w\" sizes=\"auto, (max-width: 819px) 100vw, 819px\" \/><\/figure>\n\n\n\n<p style=\"font-size:16px\"><strong>Selbstverteidigung: Im Schulljahr 2021\/22 nahmen alle Klassen an dem Programm WinKids teil, einem Selbstverteidugungskurs der Einrichtung Ha-Kim-Do, mit dem Trainer Hakim. Jede Klasse verbrachte dazu drei Schulstunden in der Turnhalle und lernte, wie man sich verteidigen kann bei Angriffen. Die Kosten wurden komplett durch den F\u00f6rderverein \u00fcbernommen.<\/strong><\/p>\n\n\n<div id=\"grid-gallery-38-49617\" data-gg-id=\"38\" data-title=\"Winkids\" data-grid-type=\"0\" data-offset=\"5.3\" data-area-position=\"center\" data-icons=\"\" data-preloader=\"true\" data-width=\"250\" data-height=\"250\" data-padding=\"0\" data-quicksand=\"disabled\" data-quicksand-duration=\"none\" data-popup-theme=\"theme_6\" data-popup-type=\"pretty-photo\" data-popup-image-text=\"data-description\" data-popup-widthsize=\"auto\" data-popup-heightsize=\"auto\" data-popup-i18n-words=\"{&quot;close&quot;:&quot;schlie\\u00dfen&quot;,&quot;next&quot;:&quot;n\\u00e4chste&quot;,&quot;previous&quot;:&quot;vorherige&quot;,&quot;start_slideshow&quot;:&quot;Starte Slideshow&quot;,&quot;stop_slideshow&quot;:&quot;Stoppe Slideshow&quot;,&quot;image&quot;:&quot;Bild&quot;,&quot;of&quot;:&quot;von&quot;,&quot;prev&quot;:&quot;vorherige&quot;,&quot;cExpand&quot;:&quot;Erweitere&quot;,&quot;cPrevious&quot;:&quot;Vorheriges&quot;,&quot;cNext&quot;:&quot;N\\u00e4chstes&quot;,&quot;cExpandStr&quot;:&quot;Erweitere Bild&quot;,&quot;cRotate&quot;:&quot;Rotate&quot;,&quot;cDetails&quot;:&quot;Details&quot;}\" data-popup-slideshow=\"false\" data-popup-slideshow-speed=\"2500\" data-popup-hoverstop=\"true\" data-popup-slideshow-auto=\"false\" data-popup-background=\"\" data-popup-transparency=\"30\" data-popup-disable-history=\"\" data-popup-disable-changed-url=\"\" data-popup-border-type=\"solid\" data-popup-border-color=\"\" data-popup-border-width=\"\" data-popup-border-enable=\"\" data-fullscreen=\"false\" data-hide-tooltip=\"false\" data-caption-font-family=\"Default\" data-caption-text-size=\"140\" data-is-mobile=\"0\" data-caption-mobile=\"false\" data-hide-long-tltp-title=\"0\" data-caption-disabled-on-mobile=\"false\" data-popup-placement-type=\"0\" data-social-sharing=\"{&quot;enabled&quot;:&quot;&quot;,&quot;gallerySharing&quot;:{&quot;enabled&quot;:null,&quot;position&quot;:null},&quot;imageSharing&quot;:{&quot;enabled&quot;:null,&quot;wrapperClass&quot;:&quot; vertical &quot;},&quot;popupSharing&quot;:{&quot;enabled&quot;:null,&quot;wrapperClass&quot;:&quot; vertical &quot;}}\" class=\"grid-gallery grid-gallery-fixed \" style=\" width:100%; height:auto; margin-left:auto; margin-right:auto;position:relative;\"> <div class=\"gallery-loading\"> <div class=\"blocks\"> <div class=\"block\"><\/div> <div class=\"block\"><\/div> <div class=\"block\"><\/div> <div class=\"block\"><\/div> <\/div> <\/div> <div class=\"gallery-sharing-top\" style=\"display:none;\"> <\/div> <div id=\"photos-38\" class=\"grid-gallery-photos\"><FIGURE class=\"grid-gallery-caption\" data-grid-gallery-type=\"quarter-slide-up\" data-index=\"0\" style=\"display:none;border-radius:00;; margin:5.3px; width:2500;\" ><div class=\"crop\" style=\" width:2500; height:2500; overflow:hidden;\"><img decoding=\"async\" src=\"https:\/\/grundschule-badsoden.de\/wp-content\/uploads\/2022\/07\/Winkids-scaled-250x250.jpg\" class=\"ggImg\" alt=\"Winkids\" title=\"Winkids\" data-description=\"Winkids\" data-caption=\" Klasse 4a mit Frau B\u00f6hme und Trainer Hakim\" data-title=\"Winkids\" style=\" width:250px; height:250px;\" \/><\/div><FIGCAPTION class=\"\" data-alpha=\"5\" style=\"color:#ffffff; background-color:#6f0000; font-size:140; text-align:left; font-family:Default;\" ><div class=\"grid-gallery-figcaption-wrap\" style=\"\"><\/div><\/FIGCAPTION><\/FIGURE><FIGURE class=\"grid-gallery-caption\" data-grid-gallery-type=\"quarter-slide-up\" data-index=\"1\" style=\"display:none;border-radius:00;; margin:5.3px; width:2500;\" ><div class=\"crop\" style=\" width:2500; height:2500; overflow:hidden;\"><img decoding=\"async\" src=\"https:\/\/grundschule-badsoden.de\/wp-content\/uploads\/2022\/07\/IMG_7213-250x250.jpeg\" class=\"ggImg\" alt=\"IMG_7213\" title=\"IMG_7213\" data-description=\"IMG_7213\" data-caption=\"Klasse 2b\" data-title=\"IMG_7213\" style=\" width:250px; height:250px;\" \/><\/div><FIGCAPTION class=\"\" data-alpha=\"5\" style=\"color:#ffffff; background-color:#6f0000; font-size:140; text-align:left; font-family:Default;\" ><div class=\"grid-gallery-figcaption-wrap\" style=\"\"><\/div><\/FIGCAPTION><\/FIGURE><FIGURE class=\"grid-gallery-caption\" data-grid-gallery-type=\"quarter-slide-up\" data-index=\"2\" style=\"display:none;border-radius:00;; margin:5.3px; width:2500;\" ><div class=\"crop\" style=\" width:2500; height:2500; overflow:hidden;\"><img decoding=\"async\" src=\"https:\/\/grundschule-badsoden.de\/wp-content\/uploads\/2022\/07\/IMG_7217-250x250.jpeg\" class=\"ggImg\" alt=\"IMG_7217\" title=\"IMG_7217\" data-description=\"IMG_7217\" data-caption=\"Klasse 2b\" data-title=\"IMG_7217\" style=\" width:250px; height:250px;\" \/><\/div><FIGCAPTION class=\"\" data-alpha=\"5\" style=\"color:#ffffff; background-color:#6f0000; font-size:140; text-align:left; font-family:Default;\" ><div class=\"grid-gallery-figcaption-wrap\" style=\"\"><\/div><\/FIGCAPTION><\/FIGURE><FIGURE class=\"grid-gallery-caption\" data-grid-gallery-type=\"quarter-slide-up\" data-index=\"3\" style=\"display:none;border-radius:00;; margin:5.3px; width:2500;\" ><div class=\"crop\" style=\" width:2500; height:2500; overflow:hidden;\"><img decoding=\"async\" src=\"https:\/\/grundschule-badsoden.de\/wp-content\/uploads\/2022\/07\/IMG_7220-250x250.jpeg\" class=\"ggImg\" alt=\"IMG_7220\" title=\"IMG_7220\" data-description=\"IMG_7220\" data-caption=\"Klasse 2b\" data-title=\"IMG_7220\" style=\" width:250px; height:250px;\" \/><\/div><FIGCAPTION class=\"\" data-alpha=\"5\" style=\"color:#ffffff; background-color:#6f0000; font-size:140; text-align:left; font-family:Default;\" ><div class=\"grid-gallery-figcaption-wrap\" style=\"\"><\/div><\/FIGCAPTION><\/FIGURE><FIGURE class=\"grid-gallery-caption\" data-grid-gallery-type=\"quarter-slide-up\" data-index=\"4\" style=\"display:none;border-radius:00;; margin:5.3px; width:2500;\" ><div class=\"crop\" style=\" width:2500; height:2500; overflow:hidden;\"><img decoding=\"async\" src=\"https:\/\/grundschule-badsoden.de\/wp-content\/uploads\/2022\/07\/IMG_7222-250x250.jpeg\" class=\"ggImg\" alt=\"IMG_7222\" title=\"IMG_7222\" data-description=\"IMG_7222\" data-caption=\"Klasse 2b mit Klassenlehrerin Frau Merlau und der Assistentin von Hakim\" data-title=\"IMG_7222\" style=\" width:250px; height:250px;\" \/><\/div><FIGCAPTION class=\"\" data-alpha=\"5\" style=\"color:#ffffff; background-color:#6f0000; font-size:140; text-align:left; font-family:Default;\" ><div class=\"grid-gallery-figcaption-wrap\" style=\"\"><\/div><\/FIGCAPTION><\/FIGURE><FIGURE class=\"grid-gallery-caption\" data-grid-gallery-type=\"quarter-slide-up\" data-index=\"5\" style=\"display:none;border-radius:00;; margin:5.3px; width:2500;\" ><div class=\"crop\" style=\" width:2500; height:2500; overflow:hidden;\"><img decoding=\"async\" src=\"https:\/\/grundschule-badsoden.de\/wp-content\/uploads\/2022\/07\/winkids6-scaled-250x250.jpg\" class=\"ggImg\" alt=\"winkids6\" title=\"winkids6\" data-description=\"winkids6\" data-caption=\"Klasse 1a mit Klassenlehrerin Frau Sch\u00e4fer, Teilhabeassistentin Frau Suppan, Referendarin Frau Fehler, Frau Strack und Trainer Hakim\" data-title=\"winkids6\" style=\" width:250px; height:250px;\" \/><\/div><FIGCAPTION class=\"\" data-alpha=\"5\" style=\"color:#ffffff; background-color:#6f0000; font-size:140; text-align:left; font-family:Default;\" ><div class=\"grid-gallery-figcaption-wrap\" style=\"\"><\/div><\/FIGCAPTION><\/FIGURE> <div class=\"grid-gallery-clearfix\"><\/div> <\/div> <div class=\"gallery-sharing-bottom\" style=\"display:none;\"> <\/div> <div class=\"gallery-sharing-image\" style=\"display:none;\"> <\/div> <div class=\"gallery-sharing-popup\" style=\"display:none;\"> <\/div> <div class=\"grid-gallery-clearfix\"><\/div> <\/div> <!-- Gallery by Supsystic plugin1.16.0 --><a title=\"WordPress Photo Gallery Plugin\" style=\"display:none;\" href=\"https:\/\/supsystic.com\/plugins\/photo-gallery\/?utm_medium=love_link\" target=\"_blank\">WordPress Photo Gallery Plugin<\/a>\n\n\n\n<div style=\"height:29px\" aria-hidden=\"true\" class=\"wp-block-spacer\"><\/div>\n\n\n\n<p><strong>Wir sind Re-zertifiziert:<\/strong><\/p>\n\n\n\n<figure class=\"wp-block-image size-large\"><img loading=\"lazy\" decoding=\"async\" width=\"1024\" height=\"768\" src=\"http:\/\/grundschule-badsoden.de\/wp-content\/uploads\/2021\/11\/IMG_5451-1024x768.jpeg\" alt=\"\" class=\"wp-image-1965\" srcset=\"https:\/\/grundschule-badsoden.de\/wp-content\/uploads\/2021\/11\/IMG_5451-1024x768.jpeg 1024w, https:\/\/grundschule-badsoden.de\/wp-content\/uploads\/2021\/11\/IMG_5451-300x225.jpeg 300w, https:\/\/grundschule-badsoden.de\/wp-content\/uploads\/2021\/11\/IMG_5451-768x576.jpeg 768w, https:\/\/grundschule-badsoden.de\/wp-content\/uploads\/2021\/11\/IMG_5451-1536x1152.jpeg 1536w, https:\/\/grundschule-badsoden.de\/wp-content\/uploads\/2021\/11\/IMG_5451-2048x1536.jpeg 2048w, https:\/\/grundschule-badsoden.de\/wp-content\/uploads\/2021\/11\/IMG_5451-360x270.jpeg 360w, https:\/\/grundschule-badsoden.de\/wp-content\/uploads\/2021\/11\/IMG_5451-80x60.jpeg 80w\" sizes=\"auto, (max-width: 1024px) 100vw, 1024px\" \/><\/figure>\n\n\n\n<p><strong>Seidenmalkurs bei Frau Schmidt:<\/strong><\/p>\n\n\n\n<div class=\"wp-block-columns is-layout-flex wp-container-core-columns-is-layout-9d6595d7 wp-block-columns-is-layout-flex\">\n<div class=\"wp-block-column is-layout-flow wp-block-column-is-layout-flow\" style=\"flex-basis:50%\">\n<div class=\"wp-block-group\"><div class=\"wp-block-group__inner-container is-layout-flow wp-block-group-is-layout-flow\">\n<figure class=\"wp-block-image size-large\"><img loading=\"lazy\" decoding=\"async\" width=\"1024\" height=\"768\" src=\"http:\/\/grundschule-badsoden.de\/wp-content\/uploads\/2021\/11\/IMG_0474-scaled-e1638281660560-1024x768.jpeg\" alt=\"\" class=\"wp-image-1970\" srcset=\"https:\/\/grundschule-badsoden.de\/wp-content\/uploads\/2021\/11\/IMG_0474-scaled-e1638281660560-1024x768.jpeg 1024w, https:\/\/grundschule-badsoden.de\/wp-content\/uploads\/2021\/11\/IMG_0474-scaled-e1638281660560-300x225.jpeg 300w, https:\/\/grundschule-badsoden.de\/wp-content\/uploads\/2021\/11\/IMG_0474-scaled-e1638281660560-768x576.jpeg 768w, https:\/\/grundschule-badsoden.de\/wp-content\/uploads\/2021\/11\/IMG_0474-scaled-e1638281660560-1536x1152.jpeg 1536w, https:\/\/grundschule-badsoden.de\/wp-content\/uploads\/2021\/11\/IMG_0474-scaled-e1638281660560-2048x1536.jpeg 2048w, https:\/\/grundschule-badsoden.de\/wp-content\/uploads\/2021\/11\/IMG_0474-scaled-e1638281660560-360x270.jpeg 360w, https:\/\/grundschule-badsoden.de\/wp-content\/uploads\/2021\/11\/IMG_0474-scaled-e1638281660560-80x60.jpeg 80w\" sizes=\"auto, (max-width: 1024px) 100vw, 1024px\" \/><\/figure>\n<\/div><\/div>\n\n\n\n<figure class=\"wp-block-image size-large\"><img loading=\"lazy\" decoding=\"async\" width=\"768\" height=\"1024\" src=\"http:\/\/grundschule-badsoden.de\/wp-content\/uploads\/2021\/11\/IMG_0475-scaled-e1638281625931-768x1024.jpeg\" alt=\"\" class=\"wp-image-1969\" srcset=\"https:\/\/grundschule-badsoden.de\/wp-content\/uploads\/2021\/11\/IMG_0475-scaled-e1638281625931-768x1024.jpeg 768w, https:\/\/grundschule-badsoden.de\/wp-content\/uploads\/2021\/11\/IMG_0475-scaled-e1638281625931-225x300.jpeg 225w, https:\/\/grundschule-badsoden.de\/wp-content\/uploads\/2021\/11\/IMG_0475-scaled-e1638281625931-1152x1536.jpeg 1152w, https:\/\/grundschule-badsoden.de\/wp-content\/uploads\/2021\/11\/IMG_0475-scaled-e1638281625931-1536x2048.jpeg 1536w, https:\/\/grundschule-badsoden.de\/wp-content\/uploads\/2021\/11\/IMG_0475-scaled-e1638281625931.jpeg 1920w\" sizes=\"auto, (max-width: 768px) 100vw, 768px\" \/><\/figure>\n<\/div>\n\n\n\n<div class=\"wp-block-column is-layout-flow wp-block-column-is-layout-flow\" style=\"flex-basis:50%\">\n<figure class=\"wp-block-image size-large\"><img loading=\"lazy\" decoding=\"async\" width=\"768\" height=\"1024\" src=\"http:\/\/grundschule-badsoden.de\/wp-content\/uploads\/2021\/11\/IMG_0529-scaled-e1638281583433-768x1024.jpeg\" alt=\"\" class=\"wp-image-1966\" srcset=\"https:\/\/grundschule-badsoden.de\/wp-content\/uploads\/2021\/11\/IMG_0529-scaled-e1638281583433-768x1024.jpeg 768w, https:\/\/grundschule-badsoden.de\/wp-content\/uploads\/2021\/11\/IMG_0529-scaled-e1638281583433-225x300.jpeg 225w, https:\/\/grundschule-badsoden.de\/wp-content\/uploads\/2021\/11\/IMG_0529-scaled-e1638281583433-1152x1536.jpeg 1152w, https:\/\/grundschule-badsoden.de\/wp-content\/uploads\/2021\/11\/IMG_0529-scaled-e1638281583433-1536x2048.jpeg 1536w, https:\/\/grundschule-badsoden.de\/wp-content\/uploads\/2021\/11\/IMG_0529-scaled-e1638281583433.jpeg 1920w\" sizes=\"auto, (max-width: 768px) 100vw, 768px\" \/><\/figure>\n\n\n\n<figure class=\"wp-block-image size-large\"><img loading=\"lazy\" decoding=\"async\" width=\"768\" height=\"1024\" src=\"http:\/\/grundschule-badsoden.de\/wp-content\/uploads\/2021\/11\/IMG_0478-scaled-e1638281562840-768x1024.jpeg\" alt=\"\" class=\"wp-image-1967\" srcset=\"https:\/\/grundschule-badsoden.de\/wp-content\/uploads\/2021\/11\/IMG_0478-scaled-e1638281562840-768x1024.jpeg 768w, https:\/\/grundschule-badsoden.de\/wp-content\/uploads\/2021\/11\/IMG_0478-scaled-e1638281562840-225x300.jpeg 225w, https:\/\/grundschule-badsoden.de\/wp-content\/uploads\/2021\/11\/IMG_0478-scaled-e1638281562840-1152x1536.jpeg 1152w, https:\/\/grundschule-badsoden.de\/wp-content\/uploads\/2021\/11\/IMG_0478-scaled-e1638281562840-1536x2048.jpeg 1536w, https:\/\/grundschule-badsoden.de\/wp-content\/uploads\/2021\/11\/IMG_0478-scaled-e1638281562840.jpeg 1920w\" sizes=\"auto, (max-width: 768px) 100vw, 768px\" \/><\/figure>\n<\/div>\n<\/div>\n\n\n\n<p><strong>Der Vorstand bis zum September 2025:<\/strong><\/p>\n\n\n\n<figure class=\"wp-block-image size-large\"><img loading=\"lazy\" decoding=\"async\" width=\"1024\" height=\"768\" src=\"http:\/\/grundschule-badsoden.de\/wp-content\/uploads\/2022\/11\/IMG_0245-1024x768.jpeg\" alt=\"\" class=\"wp-image-2423\" srcset=\"https:\/\/grundschule-badsoden.de\/wp-content\/uploads\/2022\/11\/IMG_0245-1024x768.jpeg 1024w, https:\/\/grundschule-badsoden.de\/wp-content\/uploads\/2022\/11\/IMG_0245-300x225.jpeg 300w, https:\/\/grundschule-badsoden.de\/wp-content\/uploads\/2022\/11\/IMG_0245-768x576.jpeg 768w, https:\/\/grundschule-badsoden.de\/wp-content\/uploads\/2022\/11\/IMG_0245-1536x1152.jpeg 1536w, https:\/\/grundschule-badsoden.de\/wp-content\/uploads\/2022\/11\/IMG_0245-2048x1536.jpeg 2048w, https:\/\/grundschule-badsoden.de\/wp-content\/uploads\/2022\/11\/IMG_0245-360x270.jpeg 360w, https:\/\/grundschule-badsoden.de\/wp-content\/uploads\/2022\/11\/IMG_0245-80x60.jpeg 80w\" sizes=\"auto, (max-width: 1024px) 100vw, 1024px\" \/><\/figure>\n\n\n\n<p class=\"has-text-align-center\">Der Vorstand und die Beisitzer: <\/p>\n\n\n\n<p class=\"has-text-align-center\">Von links nach rechts: Herr Rech, Frau Jaschik, Frau Merlau, Frau Michel<\/p>\n\n\n\n<p><\/p>\n\n\n\n<p><\/p>\n\n\n\n<div style=\"height:40px\" aria-hidden=\"true\" class=\"wp-block-spacer\"><\/div>\n\n\n<div class=\"wp-block-image\">\n<figure class=\"aligncenter size-large\"><img loading=\"lazy\" decoding=\"async\" width=\"400\" height=\"600\" src=\"http:\/\/grundschule-badsoden.de\/wp-content\/uploads\/2020\/06\/sch_teambetr.jpg\" alt=\"\" class=\"wp-image-294\" srcset=\"https:\/\/grundschule-badsoden.de\/wp-content\/uploads\/2020\/06\/sch_teambetr.jpg 400w, https:\/\/grundschule-badsoden.de\/wp-content\/uploads\/2020\/06\/sch_teambetr-200x300.jpg 200w\" sizes=\"auto, (max-width: 400px) 100vw, 400px\" \/><\/figure>\n<\/div>\n\n\n<p class=\"has-text-align-center\">Die Betreuerinnen: Frau Hummel, Frau Zimmermann, Frau Klein<\/p>\n\n\n\n<div style=\"height:40px\" aria-hidden=\"true\" class=\"wp-block-spacer\"><\/div>\n\n\n<div class=\"wp-block-image\">\n<figure class=\"aligncenter size-large\"><img loading=\"lazy\" decoding=\"async\" width=\"600\" height=\"450\" src=\"http:\/\/grundschule-badsoden.de\/wp-content\/uploads\/2020\/06\/pr_forscher1.jpg\" alt=\"\" class=\"wp-image-302\" srcset=\"https:\/\/grundschule-badsoden.de\/wp-content\/uploads\/2020\/06\/pr_forscher1.jpg 600w, https:\/\/grundschule-badsoden.de\/wp-content\/uploads\/2020\/06\/pr_forscher1-300x225.jpg 300w\" sizes=\"auto, (max-width: 600px) 100vw, 600px\" \/><\/figure>\n<\/div>\n\n<div class=\"wp-block-image\">\n<figure class=\"aligncenter size-large\"><img loading=\"lazy\" decoding=\"async\" width=\"600\" height=\"450\" src=\"http:\/\/grundschule-badsoden.de\/wp-content\/uploads\/2020\/06\/pr_forscher2.jpg\" alt=\"\" class=\"wp-image-303\" srcset=\"https:\/\/grundschule-badsoden.de\/wp-content\/uploads\/2020\/06\/pr_forscher2.jpg 600w, https:\/\/grundschule-badsoden.de\/wp-content\/uploads\/2020\/06\/pr_forscher2-300x225.jpg 300w\" sizes=\"auto, (max-width: 600px) 100vw, 600px\" \/><\/figure>\n<\/div>\n\n\n<p class=\"has-text-align-center\">Zertifizierung zum &#8222;Haus der kleinen Forscher&#8220; im September 2019<\/p>\n\n\n\n<div style=\"height:40px\" aria-hidden=\"true\" class=\"wp-block-spacer\"><\/div>\n\n\n\n<figure class=\"wp-block-gallery has-nested-images columns-default is-cropped wp-block-gallery-1 is-layout-flex wp-block-gallery-is-layout-flex\">\n<figure class=\"wp-block-image size-large\"><img loading=\"lazy\" decoding=\"async\" width=\"600\" height=\"450\" data-id=\"268\" src=\"http:\/\/grundschule-badsoden.de\/wp-content\/uploads\/2020\/06\/sch_betreuung2.jpg\" alt=\"\" class=\"wp-image-268\" srcset=\"https:\/\/grundschule-badsoden.de\/wp-content\/uploads\/2020\/06\/sch_betreuung2.jpg 600w, https:\/\/grundschule-badsoden.de\/wp-content\/uploads\/2020\/06\/sch_betreuung2-300x225.jpg 300w\" sizes=\"auto, (max-width: 600px) 100vw, 600px\" \/><\/figure>\n\n\n\n<figure class=\"wp-block-image size-large\"><img loading=\"lazy\" decoding=\"async\" width=\"600\" height=\"450\" data-id=\"303\" src=\"http:\/\/grundschule-badsoden.de\/wp-content\/uploads\/2020\/06\/pr_forscher2.jpg\" alt=\"\" class=\"wp-image-303\" srcset=\"https:\/\/grundschule-badsoden.de\/wp-content\/uploads\/2020\/06\/pr_forscher2.jpg 600w, https:\/\/grundschule-badsoden.de\/wp-content\/uploads\/2020\/06\/pr_forscher2-300x225.jpg 300w\" sizes=\"auto, (max-width: 600px) 100vw, 600px\" \/><\/figure>\n\n\n\n<figure class=\"wp-block-image size-large\"><img loading=\"lazy\" decoding=\"async\" width=\"600\" height=\"450\" data-id=\"269\" src=\"http:\/\/grundschule-badsoden.de\/wp-content\/uploads\/2020\/06\/sch_betreuung3.jpg\" alt=\"\" class=\"wp-image-269\" srcset=\"https:\/\/grundschule-badsoden.de\/wp-content\/uploads\/2020\/06\/sch_betreuung3.jpg 600w, https:\/\/grundschule-badsoden.de\/wp-content\/uploads\/2020\/06\/sch_betreuung3-300x225.jpg 300w\" sizes=\"auto, (max-width: 600px) 100vw, 600px\" \/><\/figure>\n\n\n\n<figure class=\"wp-block-image size-large\"><img loading=\"lazy\" decoding=\"async\" width=\"600\" height=\"450\" data-id=\"301\" src=\"http:\/\/grundschule-badsoden.de\/wp-content\/uploads\/2020\/06\/pr_betreuung1.jpg\" alt=\"\" class=\"wp-image-301\" srcset=\"https:\/\/grundschule-badsoden.de\/wp-content\/uploads\/2020\/06\/pr_betreuung1.jpg 600w, https:\/\/grundschule-badsoden.de\/wp-content\/uploads\/2020\/06\/pr_betreuung1-300x225.jpg 300w\" sizes=\"auto, (max-width: 600px) 100vw, 600px\" \/><\/figure>\n<\/figure>\n\n\n\n<p class=\"has-text-align-center\">Alle neuen M\u00f6bel in der Betreuung wurden durch den F\u00f6rderverein finanziert, ebenso viele Spielsachen <\/p>\n\n\n\n<p class=\"has-text-align-center\">(u. a. die Elemente f\u00fcr die Kugelbahn im mittleren Bild obere Reihe)<\/p>\n\n\n\n<div style=\"height:40px\" aria-hidden=\"true\" class=\"wp-block-spacer\"><\/div>\n\n\n<div class=\"wp-block-image\">\n<figure class=\"aligncenter size-large\"><img loading=\"lazy\" decoding=\"async\" width=\"450\" height=\"600\" src=\"http:\/\/grundschule-badsoden.de\/wp-content\/uploads\/2020\/06\/f\u00f6_lesung.jpg\" alt=\"\" class=\"wp-image-246\" srcset=\"https:\/\/grundschule-badsoden.de\/wp-content\/uploads\/2020\/06\/f\u00f6_lesung.jpg 450w, https:\/\/grundschule-badsoden.de\/wp-content\/uploads\/2020\/06\/f\u00f6_lesung-225x300.jpg 225w\" sizes=\"auto, (max-width: 450px) 100vw, 450px\" \/><\/figure>\n<\/div>\n\n\n<p class=\"has-text-align-center\">Pro Schuljahr findet meistens eine Autorenlesung f\u00fcr alle Sch\u00fcler statt, die der F\u00f6rderverein finanziert.<\/p>\n\n\n\n<p class=\"has-text-align-center\">Beim letzten Mal kam Wolfgang Lambrecht und las aus seinen Bombenmann-Geschichten vor.<\/p>\n","protected":false},"excerpt":{"rendered":"<p>Aktuelle Bilder des F\u00f6rdervereins und der Betreuung Am 20.02.2024 besuchte ein Glasbl\u00e4ser aus Coburg unsere Schule: Selbstverteidigung: Im Schulljahr 2021\/22 nahmen alle Klassen an dem Programm WinKids teil, einem Selbstverteidugungskurs [&hellip;]<\/p>\n","protected":false},"author":1,"featured_media":0,"parent":0,"menu_order":0,"comment_status":"closed","ping_status":"closed","template":"","meta":{"footnotes":""},"class_list":["post-122","page","type-page","status-publish","hentry"],"_links":{"self":[{"href":"https:\/\/grundschule-badsoden.de\/index.php\/wp-json\/wp\/v2\/pages\/122","targetHints":{"allow":["GET"]}}],"collection":[{"href":"https:\/\/grundschule-badsoden.de\/index.php\/wp-json\/wp\/v2\/pages"}],"about":[{"href":"https:\/\/grundschule-badsoden.de\/index.php\/wp-json\/wp\/v2\/types\/page"}],"author":[{"embeddable":true,"href":"https:\/\/grundschule-badsoden.de\/index.php\/wp-json\/wp\/v2\/users\/1"}],"replies":[{"embeddable":true,"href":"https:\/\/grundschule-badsoden.de\/index.php\/wp-json\/wp\/v2\/comments?post=122"}],"version-history":[{"count":0,"href":"https:\/\/grundschule-badsoden.de\/index.php\/wp-json\/wp\/v2\/pages\/122\/revisions"}],"wp:attachment":[{"href":"https:\/\/grundschule-badsoden.de\/index.php\/wp-json\/wp\/v2\/media?parent=122"}],"curies":[{"name":"wp","href":"https:\/\/api.w.org\/{rel}","templated":true}]}}