{"id":124,"date":"2020-06-02T11:57:41","date_gmt":"2020-06-02T09:57:41","guid":{"rendered":"http:\/\/grundschule-badsoden.de\/?page_id=124"},"modified":"2025-12-03T16:58:04","modified_gmt":"2025-12-03T15:58:04","slug":"antraege-2","status":"publish","type":"page","link":"https:\/\/grundschule-badsoden.de\/index.php\/antraege-2\/","title":{"rendered":"Antr\u00e4ge F\u00f6rderverein"},"content":{"rendered":"\n<h4 class=\"wp-block-heading\" id=\"antragsformulare-fur-die-betreuung\">Antragsformulare f\u00fcr die Betreuung:<\/h4>\n\n\n\n<p class=\"has-medium-font-size\"><\/p>\n\n\n\n<p>Hier finden Sie die Beitrittserkl\u00e4rung f\u00fcr den F\u00f6rderverein:<\/p>\n\n\n\n<div class=\"wp-block-columns is-layout-flex wp-container-core-columns-is-layout-9d6595d7 wp-block-columns-is-layout-flex\">\n<div class=\"wp-block-column is-layout-flow wp-block-column-is-layout-flow\" style=\"flex-basis:100%\">\n<div class=\"wp-block-group\"><div class=\"wp-block-group__inner-container is-layout-flow wp-block-group-is-layout-flow\">\n<div class=\"wp-block-file\"><a id=\"wp-block-file--media-72404ea6-93c0-4461-850a-91af8f5d2e19\" href=\"https:\/\/grundschule-badsoden.de\/wp-content\/uploads\/2025\/12\/Beitrittserklaerung-2025.doc\">Beitrittserkl\u00e4rung 2025<\/a><a href=\"https:\/\/grundschule-badsoden.de\/wp-content\/uploads\/2025\/12\/Beitrittserklaerung-2025.doc\" class=\"wp-block-file__button wp-element-button\" download aria-describedby=\"wp-block-file--media-72404ea6-93c0-4461-850a-91af8f5d2e19\">Download<\/a><\/div>\n<\/div><\/div>\n<\/div>\n<\/div>\n\n\n\n<p class=\"has-medium-font-size\"><\/p>\n\n\n\n<div style=\"height:1px\" aria-hidden=\"true\" class=\"wp-block-spacer\"><\/div>\n\n\n\n<p>Hier finden Sie die Anmeldung f\u00fcr die Betreuung:<\/p>\n\n\n\n<div class=\"wp-block-file\"><a id=\"wp-block-file--media-6607718e-6119-4011-a437-2f3c1ea61ffb\" href=\"https:\/\/grundschule-badsoden.de\/wp-content\/uploads\/2025\/12\/Anmeldung-neu-2025.doc\">Anmeldung neu 2025<\/a><a href=\"https:\/\/grundschule-badsoden.de\/wp-content\/uploads\/2025\/12\/Anmeldung-neu-2025.doc\" class=\"wp-block-file__button wp-element-button\" download aria-describedby=\"wp-block-file--media-6607718e-6119-4011-a437-2f3c1ea61ffb\">Herunterladen<\/a><\/div>\n\n\n\n<p class=\"has-large-font-size\"><\/p>\n\n\n\n<p><\/p>\n\n\n\n<p>Hier finden Sie die SEPA Erkl\u00e4rung:<\/p>\n\n\n\n<div class=\"wp-block-file\"><a id=\"wp-block-file--media-1a1b683b-23a8-4b16-b1ce-0720772204fe\" href=\"https:\/\/grundschule-badsoden.de\/wp-content\/uploads\/2025\/12\/SEPA.doc\">SEPA<\/a><a href=\"https:\/\/grundschule-badsoden.de\/wp-content\/uploads\/2025\/12\/SEPA.doc\" class=\"wp-block-file__button wp-element-button\" download aria-describedby=\"wp-block-file--media-1a1b683b-23a8-4b16-b1ce-0720772204fe\">Herunterladen<\/a><\/div>\n\n\n\n<div style=\"height:51px\" aria-hidden=\"true\" class=\"wp-block-spacer\"><\/div>\n\n\n\n<p>Hier finden Sie den Antrag f\u00fcr einen Zuschuss zur Mittagsverpflegung<\/p>\n\n\n\n<div class=\"wp-block-file\"><a id=\"wp-block-file--media-509b2b4f-4328-4d5c-8dd3-1035c2f3be15\" href=\"http:\/\/grundschule-badsoden.de\/wp-content\/uploads\/2020\/06\/elternantragmv.pdf\">Antrag Mittagsverpflegung<\/a><a href=\"http:\/\/grundschule-badsoden.de\/wp-content\/uploads\/2020\/06\/elternantragmv.pdf\" class=\"wp-block-file__button wp-element-button\" download aria-describedby=\"wp-block-file--media-509b2b4f-4328-4d5c-8dd3-1035c2f3be15\">Download<\/a><\/div>\n\n\n\n<div style=\"height:50px\" aria-hidden=\"true\" class=\"wp-block-spacer\"><\/div>\n\n\n\n<p>Hier finden Sie das Formular f\u00fcr die Notfall-Kontaktdaten<\/p>\n\n\n\n<div class=\"wp-block-file\"><a id=\"wp-block-file--media-9ba878a1-8371-44f7-af5c-b1009406185a\" href=\"https:\/\/grundschule-badsoden.de\/wp-content\/uploads\/2025\/12\/Notfall-neu-2025.doc\">Notfall neu 2025<\/a><a href=\"https:\/\/grundschule-badsoden.de\/wp-content\/uploads\/2025\/12\/Notfall-neu-2025.doc\" class=\"wp-block-file__button wp-element-button\" download aria-describedby=\"wp-block-file--media-9ba878a1-8371-44f7-af5c-b1009406185a\">Download<\/a><\/div>\n\n\n\n<p class=\"has-large-font-size\"><\/p>\n\n\n\n<p>Hier finden Sie ein Infoschreiben zu den geltenden Regeln in der Betreuung<\/p>\n\n\n\n<div class=\"wp-block-file\"><a id=\"wp-block-file--media-13b0d749-729b-48ee-b29a-cdced03144bd\" href=\"https:\/\/grundschule-badsoden.de\/wp-content\/uploads\/2025\/12\/Geaendert-Infoschreiben-Ab-November-2025-2.doc\">Ge\u00e4ndert Infoschreiben Ab November 2025<\/a><a href=\"https:\/\/grundschule-badsoden.de\/wp-content\/uploads\/2025\/12\/Geaendert-Infoschreiben-Ab-November-2025-2.doc\" class=\"wp-block-file__button wp-element-button\" download aria-describedby=\"wp-block-file--media-13b0d749-729b-48ee-b29a-cdced03144bd\">Herunterladen<\/a><\/div>\n","protected":false},"excerpt":{"rendered":"<p>Antragsformulare f\u00fcr die Betreuung: Hier finden Sie die Beitrittserkl\u00e4rung f\u00fcr den F\u00f6rderverein: Hier finden Sie die Anmeldung f\u00fcr die Betreuung: Hier finden Sie die SEPA Erkl\u00e4rung: Hier finden Sie den [&hellip;]<\/p>\n","protected":false},"author":1,"featured_media":0,"parent":0,"menu_order":0,"comment_status":"closed","ping_status":"closed","template":"","meta":{"footnotes":""},"class_list":["post-124","page","type-page","status-publish","hentry"],"_links":{"self":[{"href":"https:\/\/grundschule-badsoden.de\/index.php\/wp-json\/wp\/v2\/pages\/124","targetHints":{"allow":["GET"]}}],"collection":[{"href":"https:\/\/grundschule-badsoden.de\/index.php\/wp-json\/wp\/v2\/pages"}],"about":[{"href":"https:\/\/grundschule-badsoden.de\/index.php\/wp-json\/wp\/v2\/types\/page"}],"author":[{"embeddable":true,"href":"https:\/\/grundschule-badsoden.de\/index.php\/wp-json\/wp\/v2\/users\/1"}],"replies":[{"embeddable":true,"href":"https:\/\/grundschule-badsoden.de\/index.php\/wp-json\/wp\/v2\/comments?post=124"}],"version-history":[{"count":0,"href":"https:\/\/grundschule-badsoden.de\/index.php\/wp-json\/wp\/v2\/pages\/124\/revisions"}],"wp:attachment":[{"href":"https:\/\/grundschule-badsoden.de\/index.php\/wp-json\/wp\/v2\/media?parent=124"}],"curies":[{"name":"wp","href":"https:\/\/api.w.org\/{rel}","templated":true}]}}