{"id":135,"date":"2020-06-02T12:01:52","date_gmt":"2020-06-02T10:01:52","guid":{"rendered":"http:\/\/grundschule-badsoden.de\/?page_id=135"},"modified":"2020-10-04T15:22:43","modified_gmt":"2020-10-04T13:22:43","slug":"zusaetzliche-angebote","status":"publish","type":"page","link":"https:\/\/grundschule-badsoden.de\/index.php\/zusaetzliche-angebote\/","title":{"rendered":"Zus\u00e4tzliche Angebote"},"content":{"rendered":"\n<h3 class=\"wp-block-heading\">Betreute Grundschule<\/h3>\n\n\n\n<p>Ideal ist es f\u00fcr berufst\u00e4tige Eltern, wenn die Kinder in der unterrichtsfreien Zeit ab 7:30 Uhr betreut werden.<br>Je nach Bedarf und abh\u00e4ngig vom Stundenplan werden die Kinder dort von den Betreuerinnen Frau Klein, Frau Zimmermann und Frau Hummel beaufsichtigt und besch\u00e4ftigt. Die Hausaufgabenbetreuung \u00fcbernehmen Frau Hummel und Frau Klein. <\/p>\n\n\n\n<p>Die Betreuungskosten liegen bei&nbsp;<strong>40 Euro\/Kind<\/strong>&nbsp;f\u00fcr eine Betreuung bis 13:10 Uhr. Weitere Betreuungsangebote finden am Nachmittag von 13:10 Uhr bis 16.30 Uhr statt.. Die Kosten f\u00fcr die Ganztagsbetreuung liegen bei&nbsp;<strong>120 Euro\/Kind<\/strong>. Es ist auch m\u00f6glich, die Kinder in der Zeit von 7:30 Uhr bis 15:00 Uhr f\u00fcr die Betreuung anzumelden. Hierbei betragen die Kosten&nbsp;<strong>85 Euro\/Kind<\/strong>. Wenn die Kinder in der Schule zu Mittag essen, wird der Unkostenbeitrag in H\u00f6he von 3,50 Euro pro Kind und Tag w\u00f6chentlich im Voraus berechnet. <\/p>\n\n\n\n<p>Die Kinder k\u00f6nnen auf Wunsch ihre Hausaufgaben w\u00e4hrend der Betreuungszeit erledigen. Eine Kontrolle seitens der Betreuerin wird nicht vorgenommen. Dies und das \u00dcben von Lerninhalten muss im h\u00e4uslichen Rahmen mit den Eltern stattfinden.<br><br><br>Der\u00a0<a href=\"http:\/\/grundschule-badsoden.de\/Betreuung\">F\u00f6rderverein<\/a>\u00a0ist Tr\u00e4ger des Betreuungsangebotes f\u00fcr Grundsch\u00fcler. Dieser Verein lebt, wie jeder Verein, von seinen Mitgliedern. Leider ist die Mitgliederzahl besonders in den ersten Klassen r\u00fcckl\u00e4ufig. <\/p>\n\n\n\n<p>Daher an dieser Stelle nochmals die Bitte an die Eltern, die noch nicht Mitglied sind: <strong>Wir brauchen Ihre Unterst\u00fctzung! Bitte treten sie in den F\u00f6rderverein ein.<\/strong><\/p>\n\n\n\n<div style=\"height:20px\" aria-hidden=\"true\" class=\"wp-block-spacer\"><\/div>\n\n\n\n<h3 class=\"wp-block-heading\">Der Vorlaufkurs<\/h3>\n\n\n\n<p>Seit dem Schuljahr 2003\/04 wird auch von unserer Schule ein Vorlaufkurs angeboten. Er findet momentan in den R\u00e4umen der Kindertagesst\u00e4tte Sankt Laurentius statt. Hier werden Kinder aufgenommen, die noch Defizite beim Verstehen und Sprechen der deutschen Sprache haben. Der Bedarf wird bei der Schulanmeldung festgestellt.<br>Unsere derzeitige Unterrichtszeit betr\u00e4gt 8 Wochenstunden. Dieser Kurs ersetzt aber nicht den weiteren Besuch des Kindergartens. Gespr\u00e4che, sprachf\u00f6rdernde Spiele, Spielerlebnisse zum handelnden Spracherwerb sollen die Kinder der deutschen Sprache n\u00e4her bringen und den Einstieg in die 1. Klasse erleichtern. Die Lernf\u00e4higkeit und Lernbereitschaft der Kinder soll gest\u00e4rkt, stabilisiert und weiter gef\u00f6rdert werden.<\/p>\n\n\n\n<div style=\"height:20px\" aria-hidden=\"true\" class=\"wp-block-spacer\"><\/div>\n\n\n\n<h3 class=\"wp-block-heading\">F\u00f6rderung f\u00fcr Kinder mit besonderen Schwierigkeiten im Lesen und Rechtschreiben<\/h3>\n\n\n\n<p>Kinder, die besondere Schwierigkeiten im Lese- und Schreiblernprozess zeigen, werden in Kleingruppen individuell gef\u00f6rdert.<br>Die F\u00f6rderkurse finden entweder vor oder im Anschluss an den regul\u00e4ren Unterricht statt und werden von Kolleginnen der Schule geleitet.<br>Die Teilnahme an den F\u00f6rderkursen h\u00e4ngt jeweils von den Entwicklungsfortschritten des einzelnen Kindes ab.<br>Inwieweit diese F\u00f6rderkurse angeboten werden, richtet sich nach der Zuweisung der Lehrerstunden f\u00fcr unsere Schule zu Beginn des jeweiligen Schuljahres.<\/p>\n\n\n\n<div style=\"height:20px\" aria-hidden=\"true\" class=\"wp-block-spacer\"><\/div>\n\n\n\n<h3 class=\"wp-block-heading\">F\u00f6rderung f\u00fcr Kinder nichtdeutscher Herkunft, sogenannte Intensivkurse<\/h3>\n\n\n\n<p>Kinder aus anderen L\u00e4ndern, die noch nicht deutsch sprechen k\u00f6nnen, beziehungsweise auch nicht in deutscher Sprache lesen und schreiben k\u00f6nnen, erhalten zus\u00e4tzlich zum Unterricht F\u00f6rderstunden f\u00fcr die deutsche Sprache. Dort werden sie in Kleingruppen individuell unterrichtet, um die deutsche Sprache schnell sprechen und verstehen zu lernen. Au\u00dferdem werden sie dort auch im Lesen und Schreiben unterrichtet.<br><\/p>\n\n\n\n<div style=\"height:20px\" aria-hidden=\"true\" class=\"wp-block-spacer\"><\/div>\n\n\n\n<h3 class=\"wp-block-heading\">B\u00fccherei<\/h3>\n\n\n\n<p>Unsere Schule hat eine kleine Sch\u00fclerb\u00fccherei. Sie befindet sich im Dachgeschoss, in einem extra daf\u00fcr hergerichteten Raum.<br>F\u00fcr unsere Leseratten stehen hier fast 2800 B\u00fccher zur Verf\u00fcgung. Wir haben viele Sachb\u00fccher zu den unterschiedlichsten Themen. Es gibt jedoch auch Bilderb\u00fccher, B\u00fccher f\u00fcr Anf\u00e4nger und ge\u00fcbte Leser. Pferdeb\u00fccher, Detektivgeschichten und viele andere interessante Gebiete lassen das Lesen zum Erlebnis werden.<\/p>\n\n\n\n<p><br>Zurzeit k\u00f6nnen die Klassen 1 bis 4 einmal pro Woche zur B\u00fccherei gehen, um B\u00fccher auszuleihen bzw. sie zur\u00fcckzugeben. Die Ausleihzeit ist entweder vor dem Unterricht von 7.45 Uhr bis 8.00 Uhr oder w\u00e4hrend des Unterrichts. Die Ausleihe erfolgt durch Frau Merlau, der auch die Leitung der B\u00fccherei obliegt.<br>Die Buchausleihe ist kostenlos.Verloren gegangene oder besch\u00e4digte B\u00fccher m\u00fcssen jedoch ersetzt werden.<\/p>\n","protected":false},"excerpt":{"rendered":"<p>Betreute Grundschule Ideal ist es f\u00fcr berufst\u00e4tige Eltern, wenn die Kinder in der unterrichtsfreien Zeit ab 7:30 Uhr betreut werden.Je nach Bedarf und abh\u00e4ngig vom Stundenplan werden die Kinder dort [&hellip;]<\/p>\n","protected":false},"author":1,"featured_media":0,"parent":0,"menu_order":0,"comment_status":"closed","ping_status":"closed","template":"","meta":{"footnotes":""},"class_list":["post-135","page","type-page","status-publish","hentry"],"_links":{"self":[{"href":"https:\/\/grundschule-badsoden.de\/index.php\/wp-json\/wp\/v2\/pages\/135","targetHints":{"allow":["GET"]}}],"collection":[{"href":"https:\/\/grundschule-badsoden.de\/index.php\/wp-json\/wp\/v2\/pages"}],"about":[{"href":"https:\/\/grundschule-badsoden.de\/index.php\/wp-json\/wp\/v2\/types\/page"}],"author":[{"embeddable":true,"href":"https:\/\/grundschule-badsoden.de\/index.php\/wp-json\/wp\/v2\/users\/1"}],"replies":[{"embeddable":true,"href":"https:\/\/grundschule-badsoden.de\/index.php\/wp-json\/wp\/v2\/comments?post=135"}],"version-history":[{"count":0,"href":"https:\/\/grundschule-badsoden.de\/index.php\/wp-json\/wp\/v2\/pages\/135\/revisions"}],"wp:attachment":[{"href":"https:\/\/grundschule-badsoden.de\/index.php\/wp-json\/wp\/v2\/media?parent=135"}],"curies":[{"name":"wp","href":"https:\/\/api.w.org\/{rel}","templated":true}]}}

Zusätzliche Angebote

<h3 class="wp-block-heading">Betreute Grundschule</h3>



<p>Ideal ist es für berufstätige Eltern, wenn die Kinder in der unterrichtsfreien Zeit ab 7:30 Uhr betreut werden.<br>Je nach Bedarf und abhängig vom Stundenplan werden die Kinder dort von den Betreuerinnen Frau Klein, Frau Zimmermann und Frau Hummel beaufsichtigt und beschäftigt. Die Hausaufgabenbetreuung übernehmen Frau Hummel und Frau Klein. </p>



<p>Die Betreuungskosten liegen bei&nbsp;<strong>40 Euro/Kind</strong>&nbsp;für eine Betreuung bis 13:10 Uhr. Weitere Betreuungsangebote finden am Nachmittag von 13:10 Uhr bis 16.30 Uhr statt.. Die Kosten für die Ganztagsbetreuung liegen bei&nbsp;<strong>120 Euro/Kind</strong>. Es ist auch möglich, die Kinder in der Zeit von 7:30 Uhr bis 15:00 Uhr für die Betreuung anzumelden. Hierbei betragen die Kosten&nbsp;<strong>85 Euro/Kind</strong>. Wenn die Kinder in der Schule zu Mittag essen, wird der Unkostenbeitrag in Höhe von 3,50 Euro pro Kind und Tag wöchentlich im Voraus berechnet. </p>



<p>Die Kinder können auf Wunsch ihre Hausaufgaben während der Betreuungszeit erledigen. Eine Kontrolle seitens der Betreuerin wird nicht vorgenommen. Dies und das Üben von Lerninhalten muss im häuslichen Rahmen mit den Eltern stattfinden.<br><br><br>Der <a href="http://grundschule-badsoden.de/Betreuung">Förderverein</a> ist Träger des Betreuungsangebotes für Grundschüler. Dieser Verein lebt, wie jeder Verein, von seinen Mitgliedern. Leider ist die Mitgliederzahl besonders in den ersten Klassen rückläufig. </p>



<p>Daher an dieser Stelle nochmals die Bitte an die Eltern, die noch nicht Mitglied sind: <strong>Wir brauchen Ihre Unterstützung! Bitte treten sie in den Förderverein ein.</strong></p>



<div style="height:20px" aria-hidden="true" class="wp-block-spacer"></div>



<h3 class="wp-block-heading">Der Vorlaufkurs</h3>



<p>Seit dem Schuljahr 2003/04 wird auch von unserer Schule ein Vorlaufkurs angeboten. Er findet momentan in den Räumen der Kindertagesstätte Sankt Laurentius statt. Hier werden Kinder aufgenommen, die noch Defizite beim Verstehen und Sprechen der deutschen Sprache haben. Der Bedarf wird bei der Schulanmeldung festgestellt.<br>Unsere derzeitige Unterrichtszeit beträgt 8 Wochenstunden. Dieser Kurs ersetzt aber nicht den weiteren Besuch des Kindergartens. Gespräche, sprachfördernde Spiele, Spielerlebnisse zum handelnden Spracherwerb sollen die Kinder der deutschen Sprache näher bringen und den Einstieg in die 1. Klasse erleichtern. Die Lernfähigkeit und Lernbereitschaft der Kinder soll gestärkt, stabilisiert und weiter gefördert werden.</p>



<div style="height:20px" aria-hidden="true" class="wp-block-spacer"></div>



<h3 class="wp-block-heading">Förderung für Kinder mit besonderen Schwierigkeiten im Lesen und Rechtschreiben</h3>



<p>Kinder, die besondere Schwierigkeiten im Lese- und Schreiblernprozess zeigen, werden in Kleingruppen individuell gefördert.<br>Die Förderkurse finden entweder vor oder im Anschluss an den regulären Unterricht statt und werden von Kolleginnen der Schule geleitet.<br>Die Teilnahme an den Förderkursen hängt jeweils von den Entwicklungsfortschritten des einzelnen Kindes ab.<br>Inwieweit diese Förderkurse angeboten werden, richtet sich nach der Zuweisung der Lehrerstunden für unsere Schule zu Beginn des jeweiligen Schuljahres.</p>



<div style="height:20px" aria-hidden="true" class="wp-block-spacer"></div>



<h3 class="wp-block-heading">Förderung für Kinder nichtdeutscher Herkunft, sogenannte Intensivkurse</h3>



<p>Kinder aus anderen Ländern, die noch nicht deutsch sprechen können, beziehungsweise auch nicht in deutscher Sprache lesen und schreiben können, erhalten zusätzlich zum Unterricht Förderstunden für die deutsche Sprache. Dort werden sie in Kleingruppen individuell unterrichtet, um die deutsche Sprache schnell sprechen und verstehen zu lernen. Außerdem werden sie dort auch im Lesen und Schreiben unterrichtet.<br></p>



<div style="height:20px" aria-hidden="true" class="wp-block-spacer"></div>



<h3 class="wp-block-heading">Bücherei</h3>



<p>Unsere Schule hat eine kleine Schülerbücherei. Sie befindet sich im Dachgeschoss, in einem extra dafür hergerichteten Raum.<br>Für unsere Leseratten stehen hier fast 2800 Bücher zur Verfügung. Wir haben viele Sachbücher zu den unterschiedlichsten Themen. Es gibt jedoch auch Bilderbücher, Bücher für Anfänger und geübte Leser. Pferdebücher, Detektivgeschichten und viele andere interessante Gebiete lassen das Lesen zum Erlebnis werden.</p>



<p><br>Zurzeit können die Klassen 1 bis 4 einmal pro Woche zur Bücherei gehen, um Bücher auszuleihen bzw. sie zurückzugeben. Die Ausleihzeit ist entweder vor dem Unterricht von 7.45 Uhr bis 8.00 Uhr oder während des Unterrichts. Die Ausleihe erfolgt durch Frau Merlau, der auch die Leitung der Bücherei obliegt.<br>Die Buchausleihe ist kostenlos.Verloren gegangene oder beschädigte Bücher müssen jedoch ersetzt werden.</p>

<p>Betreute Grundschule Ideal ist es für berufstätige Eltern, wenn die Kinder in der unterrichtsfreien Zeit ab 7:30 Uhr betreut werden.Je nach Bedarf und abhängig vom Stundenplan werden die Kinder dort [&hellip;]</p>
