{"id":2387,"date":"2022-10-01T13:50:25","date_gmt":"2022-10-01T11:50:25","guid":{"rendered":"https:\/\/grundschule-badsoden.de\/?page_id=2387"},"modified":"2022-10-01T13:58:18","modified_gmt":"2022-10-01T11:58:18","slug":"zu-fuss-zur-schule-tag-2022","status":"publish","type":"page","link":"https:\/\/grundschule-badsoden.de\/index.php\/zu-fuss-zur-schule-tag-2022\/","title":{"rendered":"Zu-Fu\u00df-zur-Schule-Tag 2022"},"content":{"rendered":"\n<p>Einmal im Jahr findet der Zu-Fu\u00df-zur-Schule-Tag statt. Die Kinder sollen dazu angehalten werden, zu Fu\u00df oder mit dem Rad oder Roller in die Schule zu kommen, und nicht mit dem Auto. Die Klassen bereiten f\u00fcr diesen Tag meist auch Plakate oder \u00c4hnliches vor. Dieses Schuljahr ging es um klimafreundliche und klimasch\u00e4dliche Aktivit\u00e4ten.<\/p>\n\n\n\n<p><\/p>\n\n\n<div id=\"grid-gallery-40-35886\" data-gg-id=\"40\" data-title=\"Zu-Fu\u00df-zur-Schule-Tag 2022\" data-grid-type=\"0\" data-offset=\"5.3\" data-area-position=\"center\" data-icons=\"\" data-preloader=\"true\" data-width=\"250\" data-height=\"250\" data-padding=\"0\" data-quicksand=\"disabled\" data-quicksand-duration=\"none\" data-popup-theme=\"theme_6\" data-popup-type=\"pretty-photo\" data-popup-image-text=\"data-description\" data-popup-widthsize=\"auto\" data-popup-heightsize=\"auto\" data-popup-i18n-words=\"{&quot;close&quot;:&quot;schlie\\u00dfen&quot;,&quot;next&quot;:&quot;n\\u00e4chste&quot;,&quot;previous&quot;:&quot;vorherige&quot;,&quot;start_slideshow&quot;:&quot;Starte Slideshow&quot;,&quot;stop_slideshow&quot;:&quot;Stoppe Slideshow&quot;,&quot;image&quot;:&quot;Bild&quot;,&quot;of&quot;:&quot;von&quot;,&quot;prev&quot;:&quot;vorherige&quot;,&quot;cExpand&quot;:&quot;Erweitere&quot;,&quot;cPrevious&quot;:&quot;Vorheriges&quot;,&quot;cNext&quot;:&quot;N\\u00e4chstes&quot;,&quot;cExpandStr&quot;:&quot;Erweitere Bild&quot;,&quot;cRotate&quot;:&quot;Rotate&quot;,&quot;cDetails&quot;:&quot;Details&quot;}\" data-popup-slideshow=\"false\" data-popup-slideshow-speed=\"2500\" data-popup-hoverstop=\"true\" data-popup-slideshow-auto=\"false\" data-popup-background=\"\" data-popup-transparency=\"30\" data-popup-disable-history=\"\" data-popup-disable-changed-url=\"\" data-popup-border-type=\"solid\" data-popup-border-color=\"\" data-popup-border-width=\"\" data-popup-border-enable=\"\" data-fullscreen=\"false\" data-hide-tooltip=\"false\" data-caption-font-family=\"Default\" data-caption-text-size=\"140\" data-is-mobile=\"0\" data-caption-mobile=\"false\" data-hide-long-tltp-title=\"0\" data-caption-disabled-on-mobile=\"false\" data-popup-placement-type=\"0\" data-social-sharing=\"{&quot;enabled&quot;:&quot;&quot;,&quot;gallerySharing&quot;:{&quot;enabled&quot;:null,&quot;position&quot;:null},&quot;imageSharing&quot;:{&quot;enabled&quot;:null,&quot;wrapperClass&quot;:&quot; vertical &quot;},&quot;popupSharing&quot;:{&quot;enabled&quot;:null,&quot;wrapperClass&quot;:&quot; vertical &quot;}}\" class=\"grid-gallery grid-gallery-fixed \" style=\" width:100%; height:auto; margin-left:auto; margin-right:auto;position:relative;\"> <div class=\"gallery-loading\"> <div class=\"blocks\"> <div class=\"block\"><\/div> <div class=\"block\"><\/div> <div class=\"block\"><\/div> <div class=\"block\"><\/div> <\/div> <\/div> <div class=\"gallery-sharing-top\" style=\"display:none;\"> <\/div> <div id=\"photos-40\" class=\"grid-gallery-photos\"><FIGURE class=\"grid-gallery-caption\" data-grid-gallery-type=\"quarter-slide-up\" data-index=\"0\" style=\"display:none;border-radius:00;; margin:5.3px; width:2500;\" ><div class=\"crop\" style=\" width:2500; height:2500; overflow:hidden;\"><img decoding=\"async\" src=\"https:\/\/grundschule-badsoden.de\/wp-content\/uploads\/2022\/10\/fuss1-250x250.jpeg\" class=\"ggImg\" alt=\"fuss1\" title=\"Herr Vogeley organisiert diesen Tag und moderiert ihn\" data-description=\"Herr Vogeley organisiert diesen Tag und moderiert ihn\" data-caption=\"Herr Vogeley organisiert diesen Tag und moderiert ihn\" data-title=\"fuss1\" style=\" width:250px; height:250px;\" \/><\/div><FIGCAPTION class=\"\" data-alpha=\"5\" style=\"color:#ffffff; background-color:#6f0000; font-size:140; text-align:left; font-family:Default;\" ><div class=\"grid-gallery-figcaption-wrap\" style=\"\"><\/div><\/FIGCAPTION><\/FIGURE><FIGURE class=\"grid-gallery-caption\" data-grid-gallery-type=\"quarter-slide-up\" data-index=\"1\" style=\"display:none;border-radius:00;; margin:5.3px; width:2500;\" ><div class=\"crop\" style=\" width:2500; height:2500; overflow:hidden;\"><img decoding=\"async\" src=\"https:\/\/grundschule-badsoden.de\/wp-content\/uploads\/2022\/10\/fuss2-250x250.jpeg\" class=\"ggImg\" alt=\"fuss2\" title=\"Zwei Sch\u00fcler aus dem 1. Schuljahr stellen ihr Plakat vor\" data-description=\"Zwei Sch\u00fcler aus dem 1. Schuljahr stellen ihr Plakat vor\" data-caption=\"Zwei Sch\u00fcler aus dem 1. Schuljahr stellen ihr Plakat vor\" data-title=\"fuss2\" style=\" width:250px; height:250px;\" \/><\/div><FIGCAPTION class=\"\" data-alpha=\"5\" style=\"color:#ffffff; background-color:#6f0000; font-size:140; text-align:left; font-family:Default;\" ><div class=\"grid-gallery-figcaption-wrap\" style=\"\"><\/div><\/FIGCAPTION><\/FIGURE><FIGURE class=\"grid-gallery-caption\" data-grid-gallery-type=\"quarter-slide-up\" data-index=\"2\" style=\"display:none;border-radius:00;; margin:5.3px; width:2500;\" ><div class=\"crop\" style=\" width:2500; height:2500; overflow:hidden;\"><img decoding=\"async\" src=\"https:\/\/grundschule-badsoden.de\/wp-content\/uploads\/2022\/10\/fuss3-250x250.jpeg\" class=\"ggImg\" alt=\"fuss3\" title=\"Eine Sch\u00fclerein aus dem 3. Schuljahr erz\u00e4hlt interessante Dinge \u00fcber das Klima\" data-description=\"Eine Sch\u00fclerein aus dem 3. Schuljahr erz\u00e4hlt interessante Dinge \u00fcber das Klima\" data-caption=\"Eine Sch\u00fclerein aus dem 3. Schuljahr erz\u00e4hlt interessante Dinge \u00fcber das Klima\" data-title=\"fuss3\" style=\" width:250px; height:250px;\" \/><\/div><FIGCAPTION class=\"\" data-alpha=\"5\" style=\"color:#ffffff; background-color:#6f0000; font-size:140; text-align:left; font-family:Default;\" ><div class=\"grid-gallery-figcaption-wrap\" style=\"\"><\/div><\/FIGCAPTION><\/FIGURE><FIGURE class=\"grid-gallery-caption\" data-grid-gallery-type=\"quarter-slide-up\" data-index=\"3\" style=\"display:none;border-radius:00;; margin:5.3px; width:2500;\" ><div class=\"crop\" style=\" width:2500; height:2500; overflow:hidden;\"><img decoding=\"async\" src=\"https:\/\/grundschule-badsoden.de\/wp-content\/uploads\/2022\/10\/fuss4-250x250.jpeg\" class=\"ggImg\" alt=\"fuss4\" title=\"Zwei Sch\u00fcler aus der 3. Klasse pr\u00e4sentieren ihre Urkunde, nachdem sie ihr Plakat vorgestellt haben\" data-description=\"Zwei Sch\u00fcler aus der 3. Klasse pr\u00e4sentieren ihre Urkunde, nachdem sie ihr Plakat vorgestellt haben\" data-caption=\"Zwei Sch\u00fcler aus der 3. Klasse pr\u00e4sentieren ihre Urkunde, nachdem sie ihr Plakat vorgestellt haben\" data-title=\"fuss4\" style=\" width:250px; height:250px;\" \/><\/div><FIGCAPTION class=\"\" data-alpha=\"5\" style=\"color:#ffffff; background-color:#6f0000; font-size:140; text-align:left; font-family:Default;\" ><div class=\"grid-gallery-figcaption-wrap\" style=\"\"><\/div><\/FIGCAPTION><\/FIGURE><FIGURE class=\"grid-gallery-caption\" data-grid-gallery-type=\"quarter-slide-up\" data-index=\"4\" style=\"display:none;border-radius:00;; margin:5.3px; width:2500;\" ><div class=\"crop\" style=\" width:2500; height:2500; overflow:hidden;\"><img decoding=\"async\" src=\"https:\/\/grundschule-badsoden.de\/wp-content\/uploads\/2022\/10\/fuss5-250x250.jpeg\" class=\"ggImg\" alt=\"fuss5\" title=\"Die ganze Sch\u00fclerschaft ist versammelt\" data-description=\"Die ganze Sch\u00fclerschaft ist versammelt\" data-caption=\"Die ganze Sch\u00fclerschaft ist versammelt\" data-title=\"fuss5\" style=\" width:250px; height:250px;\" \/><\/div><FIGCAPTION class=\"\" data-alpha=\"5\" style=\"color:#ffffff; background-color:#6f0000; font-size:140; text-align:left; font-family:Default;\" ><div class=\"grid-gallery-figcaption-wrap\" style=\"\"><\/div><\/FIGCAPTION><\/FIGURE><FIGURE class=\"grid-gallery-caption\" data-grid-gallery-type=\"quarter-slide-up\" data-index=\"5\" style=\"display:none;border-radius:00;; margin:5.3px; width:2500;\" ><div class=\"crop\" style=\" width:2500; height:2500; overflow:hidden;\"><img decoding=\"async\" src=\"https:\/\/grundschule-badsoden.de\/wp-content\/uploads\/2022\/10\/fuss6-250x250.jpeg\" class=\"ggImg\" alt=\"fuss6\" title=\"Ein Plakat aus dem dritten Schuljahr\" data-description=\"Ein Plakat aus dem dritten Schuljahr\" data-caption=\"Ein Plakat aus dem dritten Schuljahr\" data-title=\"fuss6\" style=\" width:250px; height:250px;\" \/><\/div><FIGCAPTION class=\"\" data-alpha=\"5\" style=\"color:#ffffff; background-color:#6f0000; font-size:140; text-align:left; font-family:Default;\" ><div class=\"grid-gallery-figcaption-wrap\" style=\"\"><\/div><\/FIGCAPTION><\/FIGURE> <div class=\"grid-gallery-clearfix\"><\/div> <\/div> <div class=\"gallery-sharing-bottom\" style=\"display:none;\"> <\/div> <div class=\"gallery-sharing-image\" style=\"display:none;\"> <\/div> <div class=\"gallery-sharing-popup\" style=\"display:none;\"> <\/div> <div class=\"grid-gallery-clearfix\"><\/div> <\/div> <!-- Gallery by Supsystic plugin1.16.0 --><a title=\"WordPress Photo Gallery Plugin\" style=\"display:none;\" href=\"https:\/\/supsystic.com\/plugins\/photo-gallery\/?utm_medium=love_link\" target=\"_blank\">WordPress Photo Gallery Plugin<\/a>\n","protected":false},"excerpt":{"rendered":"<p>Einmal im Jahr findet der Zu-Fu\u00df-zur-Schule-Tag statt. Die Kinder sollen dazu angehalten werden, zu Fu\u00df oder mit dem Rad oder Roller in die Schule zu kommen, und nicht mit dem [&hellip;]<\/p>\n","protected":false},"author":1,"featured_media":0,"parent":0,"menu_order":0,"comment_status":"closed","ping_status":"closed","template":"","meta":{"footnotes":""},"class_list":["post-2387","page","type-page","status-publish","hentry"],"_links":{"self":[{"href":"https:\/\/grundschule-badsoden.de\/index.php\/wp-json\/wp\/v2\/pages\/2387","targetHints":{"allow":["GET"]}}],"collection":[{"href":"https:\/\/grundschule-badsoden.de\/index.php\/wp-json\/wp\/v2\/pages"}],"about":[{"href":"https:\/\/grundschule-badsoden.de\/index.php\/wp-json\/wp\/v2\/types\/page"}],"author":[{"embeddable":true,"href":"https:\/\/grundschule-badsoden.de\/index.php\/wp-json\/wp\/v2\/users\/1"}],"replies":[{"embeddable":true,"href":"https:\/\/grundschule-badsoden.de\/index.php\/wp-json\/wp\/v2\/comments?post=2387"}],"version-history":[{"count":0,"href":"https:\/\/grundschule-badsoden.de\/index.php\/wp-json\/wp\/v2\/pages\/2387\/revisions"}],"wp:attachment":[{"href":"https:\/\/grundschule-badsoden.de\/index.php\/wp-json\/wp\/v2\/media?parent=2387"}],"curies":[{"name":"wp","href":"https:\/\/api.w.org\/{rel}","templated":true}]}}

Zu-Fuß-zur-Schule-Tag 2022

<p>Einmal im Jahr findet der Zu-Fuß-zur-Schule-Tag statt. Die Kinder sollen dazu angehalten werden, zu Fuß oder mit dem Rad oder Roller in die Schule zu kommen, und nicht mit dem Auto. Die Klassen bereiten für diesen Tag meist auch Plakate oder Ähnliches vor. Dieses Schuljahr ging es um klimafreundliche und klimaschädliche Aktivitäten.</p>



<p></p>


<div id="grid-gallery-40-35886" data-gg-id="40" data-title="Zu-Fuß-zur-Schule-Tag 2022" data-grid-type="0" data-offset="5.3" data-area-position="center" data-icons="" data-preloader="true" data-width="250" data-height="250" data-padding="0" data-quicksand="disabled" data-quicksand-duration="none" data-popup-theme="theme_6" data-popup-type="pretty-photo" data-popup-image-text="data-description" data-popup-widthsize="auto" data-popup-heightsize="auto" data-popup-i18n-words="{&quot;close&quot;:&quot;schlie\u00dfen&quot;,&quot;next&quot;:&quot;n\u00e4chste&quot;,&quot;previous&quot;:&quot;vorherige&quot;,&quot;start_slideshow&quot;:&quot;Starte Slideshow&quot;,&quot;stop_slideshow&quot;:&quot;Stoppe Slideshow&quot;,&quot;image&quot;:&quot;Bild&quot;,&quot;of&quot;:&quot;von&quot;,&quot;prev&quot;:&quot;vorherige&quot;,&quot;cExpand&quot;:&quot;Erweitere&quot;,&quot;cPrevious&quot;:&quot;Vorheriges&quot;,&quot;cNext&quot;:&quot;N\u00e4chstes&quot;,&quot;cExpandStr&quot;:&quot;Erweitere Bild&quot;,&quot;cRotate&quot;:&quot;Rotate&quot;,&quot;cDetails&quot;:&quot;Details&quot;}" data-popup-slideshow="false" data-popup-slideshow-speed="2500" data-popup-hoverstop="true" data-popup-slideshow-auto="false" data-popup-background="" data-popup-transparency="30" data-popup-disable-history="" data-popup-disable-changed-url="" data-popup-border-type="solid" data-popup-border-color="" data-popup-border-width="" data-popup-border-enable="" data-fullscreen="false" data-hide-tooltip="false" data-caption-font-family="Default" data-caption-text-size="140" data-is-mobile="0" data-caption-mobile="false" data-hide-long-tltp-title="0" data-caption-disabled-on-mobile="false" data-popup-placement-type="0" data-social-sharing="{&quot;enabled&quot;:&quot;&quot;,&quot;gallerySharing&quot;:{&quot;enabled&quot;:null,&quot;position&quot;:null},&quot;imageSharing&quot;:{&quot;enabled&quot;:null,&quot;wrapperClass&quot;:&quot; vertical &quot;},&quot;popupSharing&quot;:{&quot;enabled&quot;:null,&quot;wrapperClass&quot;:&quot; vertical &quot;}}" class="grid-gallery grid-gallery-fixed " style=" width:100%; height:auto; margin-left:auto; margin-right:auto;position:relative;"> <div class="gallery-loading"> <div class="blocks"> <div class="block"></div> <div class="block"></div> <div class="block"></div> <div class="block"></div> </div> </div> <div class="gallery-sharing-top" style="display:none;"> </div> <div id="photos-40" class="grid-gallery-photos"><FIGURE class="grid-gallery-caption" data-grid-gallery-type="quarter-slide-up" data-index="0" style="display:none;border-radius:00;; margin:5.3px; width:2500;" ><div class="crop" style=" width:2500; height:2500; overflow:hidden;"><img decoding="async" src="https://grundschule-badsoden.de/wp-content/uploads/2022/10/fuss1-250x250.jpeg" class="ggImg" alt="fuss1" title="Herr Vogeley organisiert diesen Tag und moderiert ihn" data-description="Herr Vogeley organisiert diesen Tag und moderiert ihn" data-caption="Herr Vogeley organisiert diesen Tag und moderiert ihn" data-title="fuss1" style=" width:250px; height:250px;" /></div><FIGCAPTION class="" data-alpha="5" style="color:#ffffff; background-color:#6f0000; font-size:140; text-align:left; font-family:Default;" ><div class="grid-gallery-figcaption-wrap" style=""></div></FIGCAPTION></FIGURE><FIGURE class="grid-gallery-caption" data-grid-gallery-type="quarter-slide-up" data-index="1" style="display:none;border-radius:00;; margin:5.3px; width:2500;" ><div class="crop" style=" width:2500; height:2500; overflow:hidden;"><img decoding="async" src="https://grundschule-badsoden.de/wp-content/uploads/2022/10/fuss2-250x250.jpeg" class="ggImg" alt="fuss2" title="Zwei Schüler aus dem 1. Schuljahr stellen ihr Plakat vor" data-description="Zwei Schüler aus dem 1. Schuljahr stellen ihr Plakat vor" data-caption="Zwei Schüler aus dem 1. Schuljahr stellen ihr Plakat vor" data-title="fuss2" style=" width:250px; height:250px;" /></div><FIGCAPTION class="" data-alpha="5" style="color:#ffffff; background-color:#6f0000; font-size:140; text-align:left; font-family:Default;" ><div class="grid-gallery-figcaption-wrap" style=""></div></FIGCAPTION></FIGURE><FIGURE class="grid-gallery-caption" data-grid-gallery-type="quarter-slide-up" data-index="2" style="display:none;border-radius:00;; margin:5.3px; width:2500;" ><div class="crop" style=" width:2500; height:2500; overflow:hidden;"><img decoding="async" src="https://grundschule-badsoden.de/wp-content/uploads/2022/10/fuss3-250x250.jpeg" class="ggImg" alt="fuss3" title="Eine Schülerein aus dem 3. Schuljahr erzählt interessante Dinge über das Klima" data-description="Eine Schülerein aus dem 3. Schuljahr erzählt interessante Dinge über das Klima" data-caption="Eine Schülerein aus dem 3. Schuljahr erzählt interessante Dinge über das Klima" data-title="fuss3" style=" width:250px; height:250px;" /></div><FIGCAPTION class="" data-alpha="5" style="color:#ffffff; background-color:#6f0000; font-size:140; text-align:left; font-family:Default;" ><div class="grid-gallery-figcaption-wrap" style=""></div></FIGCAPTION></FIGURE><FIGURE class="grid-gallery-caption" data-grid-gallery-type="quarter-slide-up" data-index="3" style="display:none;border-radius:00;; margin:5.3px; width:2500;" ><div class="crop" style=" width:2500; height:2500; overflow:hidden;"><img decoding="async" src="https://grundschule-badsoden.de/wp-content/uploads/2022/10/fuss4-250x250.jpeg" class="ggImg" alt="fuss4" title="Zwei Schüler aus der 3. Klasse präsentieren ihre Urkunde, nachdem sie ihr Plakat vorgestellt haben" data-description="Zwei Schüler aus der 3. Klasse präsentieren ihre Urkunde, nachdem sie ihr Plakat vorgestellt haben" data-caption="Zwei Schüler aus der 3. Klasse präsentieren ihre Urkunde, nachdem sie ihr Plakat vorgestellt haben" data-title="fuss4" style=" width:250px; height:250px;" /></div><FIGCAPTION class="" data-alpha="5" style="color:#ffffff; background-color:#6f0000; font-size:140; text-align:left; font-family:Default;" ><div class="grid-gallery-figcaption-wrap" style=""></div></FIGCAPTION></FIGURE><FIGURE class="grid-gallery-caption" data-grid-gallery-type="quarter-slide-up" data-index="4" style="display:none;border-radius:00;; margin:5.3px; width:2500;" ><div class="crop" style=" width:2500; height:2500; overflow:hidden;"><img decoding="async" src="https://grundschule-badsoden.de/wp-content/uploads/2022/10/fuss5-250x250.jpeg" class="ggImg" alt="fuss5" title="Die ganze Schülerschaft ist versammelt" data-description="Die ganze Schülerschaft ist versammelt" data-caption="Die ganze Schülerschaft ist versammelt" data-title="fuss5" style=" width:250px; height:250px;" /></div><FIGCAPTION class="" data-alpha="5" style="color:#ffffff; background-color:#6f0000; font-size:140; text-align:left; font-family:Default;" ><div class="grid-gallery-figcaption-wrap" style=""></div></FIGCAPTION></FIGURE><FIGURE class="grid-gallery-caption" data-grid-gallery-type="quarter-slide-up" data-index="5" style="display:none;border-radius:00;; margin:5.3px; width:2500;" ><div class="crop" style=" width:2500; height:2500; overflow:hidden;"><img decoding="async" src="https://grundschule-badsoden.de/wp-content/uploads/2022/10/fuss6-250x250.jpeg" class="ggImg" alt="fuss6" title="Ein Plakat aus dem dritten Schuljahr" data-description="Ein Plakat aus dem dritten Schuljahr" data-caption="Ein Plakat aus dem dritten Schuljahr" data-title="fuss6" style=" width:250px; height:250px;" /></div><FIGCAPTION class="" data-alpha="5" style="color:#ffffff; background-color:#6f0000; font-size:140; text-align:left; font-family:Default;" ><div class="grid-gallery-figcaption-wrap" style=""></div></FIGCAPTION></FIGURE> <div class="grid-gallery-clearfix"></div> </div> <div class="gallery-sharing-bottom" style="display:none;"> </div> <div class="gallery-sharing-image" style="display:none;"> </div> <div class="gallery-sharing-popup" style="display:none;"> </div> <div class="grid-gallery-clearfix"></div> </div> <!-- Gallery by Supsystic plugin1.16.0 --><a title="WordPress Photo Gallery Plugin" style="display:none;" href="https://supsystic.com/plugins/photo-gallery/?utm_medium=love_link" target="_blank">WordPress Photo Gallery Plugin</a>

<p>Einmal im Jahr findet der Zu-Fuß-zur-Schule-Tag statt. Die Kinder sollen dazu angehalten werden, zu Fuß oder mit dem Rad oder Roller in die Schule zu kommen, und nicht mit dem [&hellip;]</p>
