{"id":3419,"date":"2025-09-01T15:10:21","date_gmt":"2025-09-01T13:10:21","guid":{"rendered":"https:\/\/grundschule-badsoden.de\/?page_id=3419"},"modified":"2025-09-01T15:38:34","modified_gmt":"2025-09-01T13:38:34","slug":"einschulung-2025-26","status":"publish","type":"page","link":"https:\/\/grundschule-badsoden.de\/index.php\/einschulung-2025-26\/","title":{"rendered":"Einschulung 2025\/26"},"content":{"rendered":"\n<p id=\"block-21a6845e-5cdf-4ffa-8ef2-61c481818002\">Die Klassen 4a und 4b f\u00fchrten unter der Leitung von Frau B\u00f6hme und Herrn Vogeley das Theaterst\u00fcck &#8222;Der L\u00f6we, der nicht schreiben konnte&#8220;, vor. Darin enthalten waren drei Lieder. <\/p>\n\n\n<div id=\"grid-gallery-62-40935\" data-gg-id=\"62\" data-title=\"Einschulung 2025\/26\" data-grid-type=\"0\" data-offset=\"5.3\" data-area-position=\"center\" data-icons=\"\" data-preloader=\"true\" data-width=\"250\" data-height=\"250\" data-padding=\"0\" data-quicksand=\"disabled\" data-quicksand-duration=\"none\" data-popup-theme=\"theme_6\" data-popup-type=\"pretty-photo\" data-popup-image-text=\"data-description\" data-popup-widthsize=\"auto\" data-popup-heightsize=\"auto\" data-popup-i18n-words=\"{&quot;close&quot;:&quot;schlie\\u00dfen&quot;,&quot;next&quot;:&quot;n\\u00e4chste&quot;,&quot;previous&quot;:&quot;vorherige&quot;,&quot;start_slideshow&quot;:&quot;Starte Slideshow&quot;,&quot;stop_slideshow&quot;:&quot;Stoppe Slideshow&quot;,&quot;image&quot;:&quot;Bild&quot;,&quot;of&quot;:&quot;von&quot;,&quot;prev&quot;:&quot;vorherige&quot;,&quot;cExpand&quot;:&quot;Erweitere&quot;,&quot;cPrevious&quot;:&quot;Vorheriges&quot;,&quot;cNext&quot;:&quot;N\\u00e4chstes&quot;,&quot;cExpandStr&quot;:&quot;Erweitere Bild&quot;,&quot;cRotate&quot;:&quot;Rotate&quot;,&quot;cDetails&quot;:&quot;Details&quot;}\" data-popup-slideshow=\"true\" data-popup-slideshow-speed=\"2500\" data-popup-hoverstop=\"true\" data-popup-slideshow-auto=\"false\" data-popup-background=\"\" data-popup-transparency=\"30\" data-popup-disable-history=\"\" data-popup-disable-changed-url=\"\" data-popup-border-type=\"solid\" data-popup-border-color=\"\" data-popup-border-width=\"\" data-popup-border-enable=\"\" data-fullscreen=\"false\" data-hide-tooltip=\"false\" data-caption-font-family=\"Default\" data-caption-text-size=\"140\" data-is-mobile=\"0\" data-caption-mobile=\"false\" data-hide-long-tltp-title=\"0\" data-caption-disabled-on-mobile=\"false\" data-popup-placement-type=\"0\" data-social-sharing=\"{&quot;enabled&quot;:null,&quot;gallerySharing&quot;:{&quot;enabled&quot;:null,&quot;position&quot;:null},&quot;imageSharing&quot;:{&quot;enabled&quot;:null,&quot;wrapperClass&quot;:&quot; vertical &quot;},&quot;popupSharing&quot;:{&quot;enabled&quot;:null,&quot;wrapperClass&quot;:&quot; vertical &quot;}}\" class=\"grid-gallery grid-gallery-fixed \" style=\" width:100%; height:auto; margin-left:auto; margin-right:auto;position:relative;\"> <div class=\"gallery-loading\"> <div class=\"blocks\"> <div class=\"block\"><\/div> <div class=\"block\"><\/div> <div class=\"block\"><\/div> <div class=\"block\"><\/div> <\/div> <\/div> <div class=\"gallery-sharing-top\" style=\"display:none;\"> <\/div> <div id=\"photos-62\" class=\"grid-gallery-photos\"><FIGURE class=\"grid-gallery-caption\" data-grid-gallery-type=\"quarter-slide-up\" data-index=\"0\" style=\"display:none;border-radius:00;; margin:5.3px; width:2500;\" ><div class=\"crop\" style=\" width:2500; height:2500; overflow:hidden;\"><img decoding=\"async\" src=\"https:\/\/grundschule-badsoden.de\/wp-content\/uploads\/2025\/09\/1-scaled-e1756731601855-250x250.jpeg\" class=\"ggImg\" alt=\"1\" title=\"Frau Sch\u00e4fer begr\u00fc\u00dft die neuen Erstkl\u00e4sser und deren Eltern\" data-description=\"Frau Sch\u00e4fer begr\u00fc\u00dft die neuen Erstkl\u00e4sser und deren Eltern\" data-caption=\"Frau Sch\u00e4fer begr\u00fc\u00dft die neuen Erstkl\u00e4sser und deren Eltern\" data-title=\"1\" style=\" width:250px; height:250px;\" \/><\/div><FIGCAPTION class=\"\" data-alpha=\"5\" style=\"color:#ffffff; background-color:#6f0000; font-size:140; text-align:left; font-family:Default;\" ><div class=\"grid-gallery-figcaption-wrap\" style=\"\"><\/div><\/FIGCAPTION><\/FIGURE><FIGURE class=\"grid-gallery-caption\" data-grid-gallery-type=\"quarter-slide-up\" data-index=\"1\" style=\"display:none;border-radius:00;; margin:5.3px; width:2500;\" ><div class=\"crop\" style=\" width:2500; height:2500; overflow:hidden;\"><img decoding=\"async\" src=\"https:\/\/grundschule-badsoden.de\/wp-content\/uploads\/2025\/09\/2-scaled-250x250.jpeg\" class=\"ggImg\" alt=\"2\" title=\"Das Lied &quot;Heute geht die Schule los&quot;, Klassen 4a und 4b\" data-description=\"Das Lied &quot;Heute geht die Schule los&quot;, Klassen 4a und 4b\" data-caption=\"Das Lied &quot;Heute geht die Schule los&quot;, Klassen 4a und 4b\" data-title=\"2\" style=\" width:250px; height:250px;\" \/><\/div><FIGCAPTION class=\"\" data-alpha=\"5\" style=\"color:#ffffff; background-color:#6f0000; font-size:140; text-align:left; font-family:Default;\" ><div class=\"grid-gallery-figcaption-wrap\" style=\"\"><\/div><\/FIGCAPTION><\/FIGURE><FIGURE class=\"grid-gallery-caption\" data-grid-gallery-type=\"quarter-slide-up\" data-index=\"2\" style=\"display:none;border-radius:00;; margin:5.3px; width:2500;\" ><div class=\"crop\" style=\" width:2500; height:2500; overflow:hidden;\"><img decoding=\"async\" src=\"https:\/\/grundschule-badsoden.de\/wp-content\/uploads\/2025\/09\/3-scaled-250x250.jpeg\" class=\"ggImg\" alt=\"3\" title=\"Im Rahmen des Theaterst\u00fcckes &quot;Der L\u00f6we, der nicht schreiben konnte&quot;\" data-description=\"Im Rahmen des Theaterst\u00fcckes &quot;Der L\u00f6we, der nicht schreiben konnte&quot;\" data-caption=\"Im Rahmen des Theaterst\u00fcckes &quot;Der L\u00f6we, der nicht schreiben konnte&quot;\" data-title=\"3\" style=\" width:250px; height:250px;\" \/><\/div><FIGCAPTION class=\"\" data-alpha=\"5\" style=\"color:#ffffff; background-color:#6f0000; font-size:140; text-align:left; font-family:Default;\" ><div class=\"grid-gallery-figcaption-wrap\" style=\"\"><\/div><\/FIGCAPTION><\/FIGURE><FIGURE class=\"grid-gallery-caption\" data-grid-gallery-type=\"quarter-slide-up\" data-index=\"3\" style=\"display:none;border-radius:00;; margin:5.3px; width:2500;\" ><div class=\"crop\" style=\" width:2500; height:2500; overflow:hidden;\"><img decoding=\"async\" src=\"https:\/\/grundschule-badsoden.de\/wp-content\/uploads\/2025\/09\/4-scaled-250x250.jpeg\" class=\"ggImg\" alt=\"4\" title=\"Im Rahmen des Theaterst\u00fcckes &quot;Der L\u00f6we, der nicht schreiben konnte&quot;\" data-description=\"Im Rahmen des Theaterst\u00fcckes &quot;Der L\u00f6we, der nicht schreiben konnte&quot;\" data-caption=\"Im Rahmen des Theaterst\u00fcckes &quot;Der L\u00f6we, der nicht schreiben konnte&quot;\" data-title=\"4\" style=\" width:250px; height:250px;\" \/><\/div><FIGCAPTION class=\"\" data-alpha=\"5\" style=\"color:#ffffff; background-color:#6f0000; font-size:140; text-align:left; font-family:Default;\" ><div class=\"grid-gallery-figcaption-wrap\" style=\"\"><\/div><\/FIGCAPTION><\/FIGURE><FIGURE class=\"grid-gallery-caption\" data-grid-gallery-type=\"quarter-slide-up\" data-index=\"4\" style=\"display:none;border-radius:00;; margin:5.3px; width:2500;\" ><div class=\"crop\" style=\" width:2500; height:2500; overflow:hidden;\"><img decoding=\"async\" src=\"https:\/\/grundschule-badsoden.de\/wp-content\/uploads\/2025\/09\/5-scaled-250x250.jpeg\" class=\"ggImg\" alt=\"5\" title=\"Der L\u00f6we sieht die L\u00f6win und verliebt sich, will einen Brief schreiben, was er aber nicht kann.\" data-description=\"Der L\u00f6we sieht die L\u00f6win und verliebt sich, will einen Brief schreiben, was er aber nicht kann.\" data-caption=\"Der L\u00f6we sieht die L\u00f6win und verliebt sich, will einen Brief schreiben, was er aber nicht kann.\" data-title=\"5\" style=\" width:250px; height:250px;\" \/><\/div><FIGCAPTION class=\"\" data-alpha=\"5\" style=\"color:#ffffff; background-color:#6f0000; font-size:140; text-align:left; font-family:Default;\" ><div class=\"grid-gallery-figcaption-wrap\" style=\"\"><\/div><\/FIGCAPTION><\/FIGURE><FIGURE class=\"grid-gallery-caption\" data-grid-gallery-type=\"quarter-slide-up\" data-index=\"5\" style=\"display:none;border-radius:00;; margin:5.3px; width:2500;\" ><div class=\"crop\" style=\" width:2500; height:2500; overflow:hidden;\"><img decoding=\"async\" src=\"https:\/\/grundschule-badsoden.de\/wp-content\/uploads\/2025\/09\/6-scaled-250x250.jpeg\" class=\"ggImg\" alt=\"6\" title=\"Er ruft nacheinander verschiedene Tiere (hier der Affe), die den Brief schreiben sollen...\" data-description=\"Er ruft nacheinander verschiedene Tiere (hier der Affe), die den Brief schreiben sollen...\" data-caption=\"Er ruft nacheinander verschiedene Tiere (hier der Affe), die den Brief schreiben sollen...\" data-title=\"6\" style=\" width:250px; height:250px;\" \/><\/div><FIGCAPTION class=\"\" data-alpha=\"5\" style=\"color:#ffffff; background-color:#6f0000; font-size:140; text-align:left; font-family:Default;\" ><div class=\"grid-gallery-figcaption-wrap\" style=\"\"><\/div><\/FIGCAPTION><\/FIGURE><FIGURE class=\"grid-gallery-caption\" data-grid-gallery-type=\"quarter-slide-up\" data-index=\"6\" style=\"display:none;border-radius:00;; margin:5.3px; width:2500;\" ><div class=\"crop\" style=\" width:2500; height:2500; overflow:hidden;\"><img decoding=\"async\" src=\"https:\/\/grundschule-badsoden.de\/wp-content\/uploads\/2025\/09\/7-scaled-250x250.jpeg\" class=\"ggImg\" alt=\"7\" title=\"..., aber alle schreiben nur Quatsch (Nilpferd)\" data-description=\"..., aber alle schreiben nur Quatsch (Nilpferd)\" data-caption=\"..., aber alle schreiben nur Quatsch (Nilpferd)\" data-title=\"7\" style=\" width:250px; height:250px;\" \/><\/div><FIGCAPTION class=\"\" data-alpha=\"5\" style=\"color:#ffffff; background-color:#6f0000; font-size:140; text-align:left; font-family:Default;\" ><div class=\"grid-gallery-figcaption-wrap\" style=\"\"><\/div><\/FIGCAPTION><\/FIGURE><FIGURE class=\"grid-gallery-caption\" data-grid-gallery-type=\"quarter-slide-up\" data-index=\"7\" style=\"display:none;border-radius:00;; margin:5.3px; width:2500;\" ><div class=\"crop\" style=\" width:2500; height:2500; overflow:hidden;\"><img decoding=\"async\" src=\"https:\/\/grundschule-badsoden.de\/wp-content\/uploads\/2025\/09\/8-scaled-250x250.jpeg\" class=\"ggImg\" alt=\"8\" title=\"Lied &quot;A wimmaweh&quot;, nach der Melodie aus &quot;Der K\u00f6nig der L\u00f6wen&quot;\" data-description=\"Lied &quot;A wimmaweh&quot;, nach der Melodie aus &quot;Der K\u00f6nig der L\u00f6wen&quot;\" data-caption=\"Lied &quot;A wimmaweh&quot;, nach der Melodie aus &quot;Der K\u00f6nig der L\u00f6wen&quot;\" data-title=\"8\" style=\" width:250px; height:250px;\" \/><\/div><FIGCAPTION class=\"\" data-alpha=\"5\" style=\"color:#ffffff; background-color:#6f0000; font-size:140; text-align:left; font-family:Default;\" ><div class=\"grid-gallery-figcaption-wrap\" style=\"\"><\/div><\/FIGCAPTION><\/FIGURE><FIGURE class=\"grid-gallery-caption\" data-grid-gallery-type=\"quarter-slide-up\" data-index=\"8\" style=\"display:none;border-radius:00;; margin:5.3px; width:2500;\" ><div class=\"crop\" style=\" width:2500; height:2500; overflow:hidden;\"><img decoding=\"async\" src=\"https:\/\/grundschule-badsoden.de\/wp-content\/uploads\/2025\/09\/9-scaled-250x250.jpeg\" class=\"ggImg\" alt=\"9\" title=\"Das Krokodil hat die Giraffe gefressen\" data-description=\"Das Krokodil hat die Giraffe gefressen\" data-caption=\"Das Krokodil hat die Giraffe gefressen\" data-title=\"9\" style=\" width:250px; height:250px;\" \/><\/div><FIGCAPTION class=\"\" data-alpha=\"5\" style=\"color:#ffffff; background-color:#6f0000; font-size:140; text-align:left; font-family:Default;\" ><div class=\"grid-gallery-figcaption-wrap\" style=\"\"><\/div><\/FIGCAPTION><\/FIGURE><FIGURE class=\"grid-gallery-caption\" data-grid-gallery-type=\"quarter-slide-up\" data-index=\"9\" style=\"display:none;border-radius:00;; margin:5.3px; width:2500;\" ><div class=\"crop\" style=\" width:2500; height:2500; overflow:hidden;\"><img decoding=\"async\" src=\"https:\/\/grundschule-badsoden.de\/wp-content\/uploads\/2025\/09\/10-scaled-250x250.jpeg\" class=\"ggImg\" alt=\"10\" title=\"Lied &quot;Kommt mit in die Schule&quot;\" data-description=\"Lied &quot;Kommt mit in die Schule&quot;\" data-caption=\"Lied &quot;Kommt mit in die Schule&quot;\" data-title=\"10\" style=\" width:250px; height:250px;\" \/><\/div><FIGCAPTION class=\"\" data-alpha=\"5\" style=\"color:#ffffff; background-color:#6f0000; font-size:140; text-align:left; font-family:Default;\" ><div class=\"grid-gallery-figcaption-wrap\" style=\"\"><\/div><\/FIGCAPTION><\/FIGURE><FIGURE class=\"grid-gallery-caption\" data-grid-gallery-type=\"quarter-slide-up\" data-index=\"10\" style=\"display:none;border-radius:00;; margin:5.3px; width:2500;\" ><div class=\"crop\" style=\" width:2500; height:2500; overflow:hidden;\"><img decoding=\"async\" src=\"https:\/\/grundschule-badsoden.de\/wp-content\/uploads\/2025\/09\/11-scaled-250x250.jpeg\" class=\"ggImg\" alt=\"11\" title=\"Frau Sch\u00e4fer begr\u00fc\u00dft Frau Kreis als Klassenlehrerin der Klasse 1a\" data-description=\"Frau Sch\u00e4fer begr\u00fc\u00dft Frau Kreis als Klassenlehrerin der Klasse 1a\" data-caption=\"Frau Sch\u00e4fer begr\u00fc\u00dft Frau Kreis als Klassenlehrerin der Klasse 1a\" data-title=\"11\" style=\" width:250px; height:250px;\" \/><\/div><FIGCAPTION class=\"\" data-alpha=\"5\" style=\"color:#ffffff; background-color:#6f0000; font-size:140; text-align:left; font-family:Default;\" ><div class=\"grid-gallery-figcaption-wrap\" style=\"\"><\/div><\/FIGCAPTION><\/FIGURE><FIGURE class=\"grid-gallery-caption\" data-grid-gallery-type=\"quarter-slide-up\" data-index=\"11\" style=\"display:none;border-radius:00;; margin:5.3px; width:2500;\" ><div class=\"crop\" style=\" width:2500; height:2500; overflow:hidden;\"><img decoding=\"async\" src=\"https:\/\/grundschule-badsoden.de\/wp-content\/uploads\/2025\/09\/12-scaled-250x250.jpeg\" class=\"ggImg\" alt=\"12\" title=\"Die Klasse 1a mit ihren Paten\" data-description=\"Die Klasse 1a mit ihren Paten\" data-caption=\"Die Klasse 1a mit ihren Paten\" data-title=\"12\" style=\" width:250px; height:250px;\" \/><\/div><FIGCAPTION class=\"\" data-alpha=\"5\" style=\"color:#ffffff; background-color:#6f0000; font-size:140; text-align:left; font-family:Default;\" ><div class=\"grid-gallery-figcaption-wrap\" style=\"\"><\/div><\/FIGCAPTION><\/FIGURE><FIGURE class=\"grid-gallery-caption\" data-grid-gallery-type=\"quarter-slide-up\" data-index=\"12\" style=\"display:none;border-radius:00;; margin:5.3px; width:2500;\" ><div class=\"crop\" style=\" width:2500; height:2500; overflow:hidden;\"><img decoding=\"async\" src=\"https:\/\/grundschule-badsoden.de\/wp-content\/uploads\/2025\/09\/14-scaled-250x250.jpeg\" class=\"ggImg\" alt=\"14\" title=\"Frau Schulz, Klassenlehrerin der Klasse 1b\" data-description=\"Frau Schulz, Klassenlehrerin der Klasse 1b\" data-caption=\"Frau Schulz, Klassenlehrerin der Klasse 1b\" data-title=\"14\" style=\" width:250px; height:250px;\" \/><\/div><FIGCAPTION class=\"\" data-alpha=\"5\" style=\"color:#ffffff; background-color:#6f0000; font-size:140; text-align:left; font-family:Default;\" ><div class=\"grid-gallery-figcaption-wrap\" style=\"\"><\/div><\/FIGCAPTION><\/FIGURE><FIGURE class=\"grid-gallery-caption\" data-grid-gallery-type=\"quarter-slide-up\" data-index=\"13\" style=\"display:none;border-radius:00;; margin:5.3px; width:2500;\" ><div class=\"crop\" style=\" width:2500; height:2500; overflow:hidden;\"><img decoding=\"async\" src=\"https:\/\/grundschule-badsoden.de\/wp-content\/uploads\/2025\/09\/15-scaled-250x250.jpeg\" class=\"ggImg\" alt=\"15\" title=\"Klasse 1b mit ihren Paten\" data-description=\"Klasse 1b mit ihren Paten\" data-caption=\"Klasse 1b mit ihren Paten\" data-title=\"15\" style=\" width:250px; height:250px;\" \/><\/div><FIGCAPTION class=\"\" data-alpha=\"5\" style=\"color:#ffffff; background-color:#6f0000; font-size:140; text-align:left; font-family:Default;\" ><div class=\"grid-gallery-figcaption-wrap\" style=\"\"><\/div><\/FIGCAPTION><\/FIGURE> <div class=\"grid-gallery-clearfix\"><\/div> <\/div> <div class=\"gallery-sharing-bottom\" style=\"display:none;\"> <\/div> <div class=\"gallery-sharing-image\" style=\"display:none;\"> <\/div> <div class=\"gallery-sharing-popup\" style=\"display:none;\"> <\/div> <div class=\"grid-gallery-clearfix\"><\/div> <\/div> <!-- Gallery by Supsystic plugin1.16.0 --><a title=\"WordPress Photo Gallery Plugin\" style=\"display:none;\" href=\"https:\/\/supsystic.com\/plugins\/photo-gallery\/?utm_medium=love_link\" target=\"_blank\">WordPress Photo Gallery Plugin<\/a>\n","protected":false},"excerpt":{"rendered":"<p>Die Klassen 4a und 4b f\u00fchrten unter der Leitung von Frau B\u00f6hme und Herrn Vogeley das Theaterst\u00fcck &#8222;Der L\u00f6we, der nicht schreiben konnte&#8220;, vor. Darin enthalten waren drei Lieder.<\/p>\n","protected":false},"author":1,"featured_media":0,"parent":0,"menu_order":0,"comment_status":"closed","ping_status":"closed","template":"","meta":{"footnotes":""},"class_list":["post-3419","page","type-page","status-publish","hentry"],"_links":{"self":[{"href":"https:\/\/grundschule-badsoden.de\/index.php\/wp-json\/wp\/v2\/pages\/3419","targetHints":{"allow":["GET"]}}],"collection":[{"href":"https:\/\/grundschule-badsoden.de\/index.php\/wp-json\/wp\/v2\/pages"}],"about":[{"href":"https:\/\/grundschule-badsoden.de\/index.php\/wp-json\/wp\/v2\/types\/page"}],"author":[{"embeddable":true,"href":"https:\/\/grundschule-badsoden.de\/index.php\/wp-json\/wp\/v2\/users\/1"}],"replies":[{"embeddable":true,"href":"https:\/\/grundschule-badsoden.de\/index.php\/wp-json\/wp\/v2\/comments?post=3419"}],"version-history":[{"count":0,"href":"https:\/\/grundschule-badsoden.de\/index.php\/wp-json\/wp\/v2\/pages\/3419\/revisions"}],"wp:attachment":[{"href":"https:\/\/grundschule-badsoden.de\/index.php\/wp-json\/wp\/v2\/media?parent=3419"}],"curies":[{"name":"wp","href":"https:\/\/api.w.org\/{rel}","templated":true}]}}