{"id":50,"date":"2020-05-22T15:31:24","date_gmt":"2020-05-22T13:31:24","guid":{"rendered":"http:\/\/grundschule-badsoden.de\/?page_id=50"},"modified":"2025-10-01T17:29:23","modified_gmt":"2025-10-01T15:29:23","slug":"termine","status":"publish","type":"page","link":"https:\/\/grundschule-badsoden.de\/index.php\/termine\/","title":{"rendered":"Termine"},"content":{"rendered":"\n<p>Um Ihnen Ihre pers\u00f6nliche Planung zu erleichtern, m\u00f6chten wir Ihnen wichtige Termine f\u00fcr das Schuljahr 2025\/2026 bekannt geben.<\/p>\n\n\n\n<p class=\"has-black-color has-text-color\"><strong>Termine<\/strong> sind rot unterlegt, <strong>Veranstaltungen<\/strong> blau und <strong>schulfreie Zeiten<\/strong> gr\u00fcn!<\/p>\n\n\n<div class=\"spiffy page-upcoming-events spiffy-list-Columns\"><ul class=\"spiffy upcoming-events-list\"><li class=\"spiffy-event-details spiffy-Columns spiffy-num2\"><span class=\"spiffy-column-event category_9 spiffy-clearfix spiffy-eventid-3289\"><span class=\"spiffy-title-meta spiffy-clearfix\" style=\"border-bottom: solid 4px #3b8228;\"><span class=\"spiffy-column-date\"><span class=\"spiffy-column-day-begin\">1<\/span><span class=\"spiffy-column-month-begin\">Mai<\/span><\/span><span class=\"spiffy-title\">Maifeiertag<\/span><\/span><span class=\"spiffy-desc\"><\/span><span class=\"spiffy-meta\"><span class=\"spiffy-location\"><\/span><\/span><\/span><\/li><li class=\"spiffy-event-details spiffy-Columns spiffy-num2\"><span class=\"spiffy-column-event category_9 spiffy-clearfix spiffy-eventid-3290\"><span class=\"spiffy-title-meta spiffy-clearfix\" style=\"border-bottom: solid 4px #3b8228;\"><span class=\"spiffy-column-date\"><span class=\"spiffy-column-day-begin\">14<\/span><span class=\"spiffy-column-month-begin\">Mai<\/span><\/span><span class=\"spiffy-title\">Christi Himmelfahrt<\/span><\/span><span class=\"spiffy-desc\"><\/span><span class=\"spiffy-meta\"><span class=\"spiffy-location\"><\/span><\/span><\/span><\/li><li class=\"spiffy-event-details spiffy-Columns spiffy-num2\"><span class=\"spiffy-column-event category_10 spiffy-clearfix spiffy-eventid-3291\"><span class=\"spiffy-title-meta spiffy-clearfix\" style=\"border-bottom: solid 4px #2faa35;\"><span class=\"spiffy-column-date\"><span class=\"spiffy-column-day-begin\">15<\/span><span class=\"spiffy-column-month-begin\">Mai<\/span><\/span><span class=\"spiffy-title\">Beweglicher Ferientag<\/span><\/span><span class=\"spiffy-desc\"><span class=\"ca-desc-p\">Schulfrei nach Christi Himmelfahrt<\/span>\n<\/span><span class=\"spiffy-meta\"><span class=\"spiffy-location\"><\/span><\/span><\/span><\/li><li class=\"spiffy-event-details spiffy-Columns spiffy-num2\"><span class=\"spiffy-column-event category_7 spiffy-clearfix spiffy-eventid-3300\"><span class=\"spiffy-title-meta spiffy-clearfix\" style=\"border-bottom: solid 4px #322fce;\"><span class=\"spiffy-column-date\"><span class=\"spiffy-column-day-begin\">20<\/span><span class=\"spiffy-column-month-begin\">Mai<\/span><\/span><span class=\"spiffy-title\">Tag des Sports<\/span><\/span><span class=\"spiffy-desc\"><span class=\"ca-desc-p\">Ausweichtermin am 17.6.26<\/span>\n<\/span><span class=\"spiffy-meta\"><span class=\"spiffy-location\"><span class=\"ca-location-p\">Sportplatz Salm\u00fcnster<\/span>\n<\/span><\/span><\/span><\/li><li class=\"spiffy-event-details spiffy-Columns spiffy-num2\"><span class=\"spiffy-column-event category_9 spiffy-clearfix spiffy-eventid-3293\"><span class=\"spiffy-title-meta spiffy-clearfix\" style=\"border-bottom: solid 4px #3b8228;\"><span class=\"spiffy-column-date\"><span class=\"spiffy-column-day-begin\">25<\/span><span class=\"spiffy-column-month-begin\">Mai<\/span><\/span><span class=\"spiffy-title\">Pfingsten<\/span><\/span><span class=\"spiffy-desc\"><\/span><span class=\"spiffy-meta\"><span class=\"spiffy-location\"><\/span><\/span><\/span><\/li><li class=\"spiffy-event-details spiffy-Columns spiffy-num2\"><span class=\"spiffy-column-event category_7 spiffy-clearfix spiffy-eventid-3294\"><span class=\"spiffy-title-meta spiffy-clearfix\" style=\"border-bottom: solid 4px #322fce;\"><span class=\"spiffy-column-date\"><span class=\"spiffy-column-day-begin\">26<\/span><span class=\"spiffy-column-month-begin\">Mai<\/span><\/span><span class=\"spiffy-title\">Projektwoche<\/span><\/span><span class=\"spiffy-desc\"><\/span><span class=\"spiffy-meta\"><span class=\"spiffy-location\"><\/span><span class=\"spiffy-column-date\">Mai 26 &#8211; Mai 29<\/span><\/span><\/span><\/li><li class=\"spiffy-event-details spiffy-Columns spiffy-num2\"><span class=\"spiffy-column-event category_7 spiffy-clearfix spiffy-eventid-3295\"><span class=\"spiffy-title-meta spiffy-clearfix\" style=\"border-bottom: solid 4px #322fce;\"><span class=\"spiffy-column-date\"><span class=\"spiffy-column-day-begin\">30<\/span><span class=\"spiffy-column-month-begin\">Mai<\/span><\/span><span class=\"spiffy-title\">Sommerfest<\/span><\/span><span class=\"spiffy-desc\"><span class=\"ca-desc-p\">Projektpr\u00e4sentation und Schultheaterauff\u00fchrung<\/span>\n<\/span><span class=\"spiffy-meta\"><span class=\"spiffy-location\"><\/span><\/span><\/span><\/li><li class=\"spiffy-event-details spiffy-Columns spiffy-num2\"><span class=\"spiffy-column-event category_9 spiffy-clearfix spiffy-eventid-3296\"><span class=\"spiffy-title-meta spiffy-clearfix\" style=\"border-bottom: solid 4px #3b8228;\"><span class=\"spiffy-column-date\"><span class=\"spiffy-column-day-begin\">4<\/span><span class=\"spiffy-column-month-begin\">Juni<\/span><\/span><span class=\"spiffy-title\">Fronleichnam<\/span><\/span><span class=\"spiffy-desc\"><\/span><span class=\"spiffy-meta\"><span class=\"spiffy-location\"><\/span><\/span><\/span><\/li><li class=\"spiffy-event-details spiffy-Columns spiffy-num2\"><span class=\"spiffy-column-event category_10 spiffy-clearfix spiffy-eventid-3297\"><span class=\"spiffy-title-meta spiffy-clearfix\" style=\"border-bottom: solid 4px #2faa35;\"><span class=\"spiffy-column-date\"><span class=\"spiffy-column-day-begin\">5<\/span><span class=\"spiffy-column-month-begin\">Juni<\/span><\/span><span class=\"spiffy-title\">Beweglicher Ferientag<\/span><\/span><span class=\"spiffy-desc\"><span class=\"ca-desc-p\">Nach Fronleichnam<\/span>\n<\/span><span class=\"spiffy-meta\"><span class=\"spiffy-location\"><\/span><\/span><\/span><\/li><li class=\"spiffy-event-details spiffy-Columns spiffy-num2\"><span class=\"spiffy-column-event category_7 spiffy-clearfix spiffy-eventid-3302\"><span class=\"spiffy-title-meta spiffy-clearfix\" style=\"border-bottom: solid 4px #322fce;\"><span class=\"spiffy-column-date\"><span class=\"spiffy-column-day-begin\">9<\/span><span class=\"spiffy-column-month-begin\">Juni<\/span><\/span><span class=\"spiffy-title\">Elternabend f\u00fcr die neuen Erstkl\u00e4ssler<\/span><\/span><span class=\"spiffy-desc\"><\/span><span class=\"spiffy-meta\"><span class=\"spiffy-location\"><\/span><span class=\"spiffy-time\">0:00<\/span><\/span><\/span><\/li><li class=\"spiffy-event-details spiffy-Columns spiffy-num2\"><span class=\"spiffy-column-event category_11 spiffy-clearfix spiffy-eventid-3298\"><span class=\"spiffy-title-meta spiffy-clearfix\" style=\"border-bottom: solid 4px #dd3333;\"><span class=\"spiffy-column-date\"><span class=\"spiffy-column-day-begin\">26<\/span><span class=\"spiffy-column-month-begin\">Juni<\/span><\/span><span class=\"spiffy-title\">Zeugnisausgabe<\/span><\/span><span class=\"spiffy-desc\"><span class=\"ca-desc-p\">2. Halbjahr<\/span>\n<\/span><span class=\"spiffy-meta\"><span class=\"spiffy-location\"><\/span><\/span><\/span><\/li><li class=\"spiffy-event-details spiffy-Columns spiffy-num2\"><span class=\"spiffy-column-event category_7 spiffy-clearfix spiffy-eventid-3264\"><span class=\"spiffy-title-meta spiffy-clearfix\" style=\"border-bottom: solid 4px #322fce;\"><span class=\"spiffy-column-date\"><span class=\"spiffy-column-day-begin\">26<\/span><span class=\"spiffy-column-month-begin\">Juni<\/span><\/span><span class=\"spiffy-title\">Letzter Schultag<\/span><\/span><span class=\"spiffy-desc\"><span class=\"ca-desc-p\">Verabschiedung 4. Klassen<\/span>\n<\/span><span class=\"spiffy-meta\"><span class=\"spiffy-location\"><span class=\"ca-location-p\">Schulhof<\/span>\n<\/span><\/span><\/span><\/li><li class=\"spiffy-event-details spiffy-Columns spiffy-num2\"><span class=\"spiffy-column-event category_8 spiffy-clearfix spiffy-eventid-3265\"><span class=\"spiffy-title-meta spiffy-clearfix\" style=\"border-bottom: solid 4px #81d742;\"><span class=\"spiffy-column-date\"><span class=\"spiffy-column-day-begin\">29<\/span><span class=\"spiffy-column-month-begin\">Juni<\/span><\/span><span class=\"spiffy-title\">Sommerferien 2026<\/span><\/span><span class=\"spiffy-desc\"><\/span><span class=\"spiffy-meta\"><span class=\"spiffy-location\"><\/span><span class=\"spiffy-column-date\">Juni 29 &#8211; Aug. 7<\/span><\/span><\/span><\/li><li class=\"spiffy-event-details spiffy-Columns spiffy-num2\"><span class=\"spiffy-column-event category_7 spiffy-clearfix spiffy-eventid-3266\"><span class=\"spiffy-title-meta spiffy-clearfix\" style=\"border-bottom: solid 4px #322fce;\"><span class=\"spiffy-column-date\"><span class=\"spiffy-column-day-begin\">11<\/span><span class=\"spiffy-column-month-begin\">Aug.<\/span><\/span><span class=\"spiffy-title\">Einschulung<\/span><\/span><span class=\"spiffy-desc\"><span class=\"ca-desc-p\">Gottesdienst und Einschulungsfeier<\/span>\n<\/span><span class=\"spiffy-meta\"><span class=\"spiffy-location\"><span class=\"ca-location-p\">Kirche und Spessartforum<\/span>\n<\/span><\/span><\/span><\/li><li class=\"spiffy-event-details spiffy-Columns spiffy-num2\"><span class=\"spiffy-column-event category_11 spiffy-clearfix spiffy-eventid-3267\"><span class=\"spiffy-title-meta spiffy-clearfix\" style=\"border-bottom: solid 4px #dd3333;\"><span class=\"spiffy-column-date\"><span class=\"spiffy-column-day-begin\">12<\/span><span class=\"spiffy-column-month-begin\">Aug.<\/span><\/span><span class=\"spiffy-title\">Schulfotograf<\/span><\/span><span class=\"spiffy-desc\"><span class=\"ca-desc-p\">Klasse 1 bis 4<\/span>\n<\/span><span class=\"spiffy-meta\"><span class=\"spiffy-location\"><\/span><\/span><\/span><\/li><\/ul><\/div>\n\n\n<p><\/p>\n","protected":false},"excerpt":{"rendered":"<p>Um Ihnen Ihre pers\u00f6nliche Planung zu erleichtern, m\u00f6chten wir Ihnen wichtige Termine f\u00fcr das Schuljahr 2025\/2026 bekannt geben. Termine sind rot unterlegt, Veranstaltungen blau und schulfreie Zeiten gr\u00fcn!<\/p>\n","protected":false},"author":1,"featured_media":0,"parent":0,"menu_order":0,"comment_status":"closed","ping_status":"closed","template":"","meta":{"footnotes":""},"class_list":["post-50","page","type-page","status-publish","hentry"],"_links":{"self":[{"href":"https:\/\/grundschule-badsoden.de\/index.php\/wp-json\/wp\/v2\/pages\/50","targetHints":{"allow":["GET"]}}],"collection":[{"href":"https:\/\/grundschule-badsoden.de\/index.php\/wp-json\/wp\/v2\/pages"}],"about":[{"href":"https:\/\/grundschule-badsoden.de\/index.php\/wp-json\/wp\/v2\/types\/page"}],"author":[{"embeddable":true,"href":"https:\/\/grundschule-badsoden.de\/index.php\/wp-json\/wp\/v2\/users\/1"}],"replies":[{"embeddable":true,"href":"https:\/\/grundschule-badsoden.de\/index.php\/wp-json\/wp\/v2\/comments?post=50"}],"version-history":[{"count":0,"href":"https:\/\/grundschule-badsoden.de\/index.php\/wp-json\/wp\/v2\/pages\/50\/revisions"}],"wp:attachment":[{"href":"https:\/\/grundschule-badsoden.de\/index.php\/wp-json\/wp\/v2\/media?parent=50"}],"curies":[{"name":"wp","href":"https:\/\/api.w.org\/{rel}","templated":true}]}}