{"id":65,"date":"2020-05-22T15:38:26","date_gmt":"2020-05-22T13:38:26","guid":{"rendered":"http:\/\/grundschule-badsoden.de\/?page_id=65"},"modified":"2020-08-10T12:25:29","modified_gmt":"2020-08-10T10:25:29","slug":"schulregeln","status":"publish","type":"page","link":"https:\/\/grundschule-badsoden.de\/index.php\/schulregeln\/","title":{"rendered":"Schulregeln"},"content":{"rendered":"\n<p>Schul- und Pausenregeln der Grundschule an der Salz<\/p>\n\n\n\n<p>Die Schul- und Pausenregeln sollen uns helfen, friedlich miteinander zusammenzuleben. Es ist wichtig, dass wir uns alle an diese Regeln halten!<\/p>\n\n\n\n<p><strong>Unser Motto<br>Ich lebe in der Schule in einer gro\u00dfen Gemeinschaft und muss mich daher an bestimmte Regeln halten.<\/strong><\/p>\n\n\n\n<ol class=\"wp-block-list\"><li>Ich darf andere nicht beleidigen, schlagen, bedrohen oder verletzen.<\/li><li>Ich l\u00f6se kleinere Streitigkeiten selbstst\u00e4ndig. Zun\u00e4chst spreche ich mit meinem Mitsch\u00fcler \u00fcber das Problem oder suche mir einen anderen Spielpartner. Falls ich den Streit nicht l\u00f6sen kann, bitte ich die Lehrkraft um Hilfe oder bespreche mein Problem im Klassenrat.<\/li><li>Ich bleibe im Klassenraum, bis die Lehrkraft den Unterricht beendet.<\/li><li>Ich darf im Schulhaus nicht rennen, toben oder br\u00fcllen.<\/li><li>Wir halten unsere Schule sauber und achten darauf, dass nichts besch\u00e4digt wird. Falls etwas kaputt geht, melde ich es einer Lehrkraft.<\/li><li>Ich spucke nicht auf den Boden.<\/li><li>Die Toiletten sind kein Spielplatz. Ich halte mich w\u00e4hrend der Pause nicht auf der Toilette auf. Wenn ich mal muss, verlasse ich die Toilette sauber.<\/li><li>Bei sch\u00f6nem Wetter darf ich die Pausenspielger\u00e4te benutzen, muss sie aber am Ende der Pause wieder zur\u00fcckbringen. Ich bin auch bereit, bei schweren Ger\u00e4ten meinen Mitsch\u00fclern zu helfen.<\/li><li>Beim Benutzen von Spielger\u00e4ten wechsle ich mich mit meinen Mitsch\u00fclern ab.<\/li><li>Auf dem Kletterger\u00fcst ist das Fangenspielen verboten. Die Spielger\u00e4te (Seile, B\u00e4lle, usw.) d\u00fcrfen nicht mit auf das Kletterger\u00fcst genommen werden. Auf den Fallschutzmatten d\u00fcrfen keine Spielger\u00e4te abgestellt werden (Verletzungsgefahr).<\/li><li>Mit den Racern gehe ich achtsam um. Andere Kinder d\u00fcrfen mich nicht anschieben und ich darf andere Kinder nicht rammen. Ich muss Sicherheitsabstand halten.<\/li><li>Auf dem Schulhof d\u00fcrfen nur die Ger\u00e4te des Spieleh\u00e4uschens oder aus den Klassenr\u00e4umen verwendet werden. Roller, R\u00e4der und Inliner sind verboten.<\/li><li>Ich darf den Ball meinen Mitsch\u00fclern zuwerfen, darf ihn aber nicht an die Hauswand werfen oder schie\u00dfen und nicht Fu\u00dfball spielen.<\/li><li>Im Winter darf ich mit dem Schnee spielen, aber ich darf keine Schneeb\u00e4lle werfen. Auch auf den Eisfl\u00e4chen darf ich nicht rutschen.<\/li><li>Zum Essen ist die Fr\u00fchst\u00fcckspause da. Ich nehme kein Essen mit in die Pause.<\/li><li>Am Ende der Hofpause stelle ich mich sofort mit meinen Mitsch\u00fclern auf.<\/li><li>Nach Schulschluss darf ich nicht auf die Spielger\u00e4te, da keine Aufsicht da ist.<\/li><\/ol>\n\n\n\n<p><strong>Ich habe mich an die Schulregeln und Anweisungen der Lehrer und Lehrerinnen zu halten. Tue ich das nicht, habe ich mit Ma\u00dfnahmen zu rechnen.<\/strong><\/p>\n\n\n\n<p><strong>Bedenke: Was du nicht willst, dass man dir tut, das f\u00fcge auch keinem anderen zu!<\/strong><\/p>\n","protected":false},"excerpt":{"rendered":"<p>Schul- und Pausenregeln der Grundschule an der Salz Die Schul- und Pausenregeln sollen uns helfen, friedlich miteinander zusammenzuleben. Es ist wichtig, dass wir uns alle an diese Regeln halten! Unser [&hellip;]<\/p>\n","protected":false},"author":1,"featured_media":0,"parent":0,"menu_order":0,"comment_status":"closed","ping_status":"closed","template":"","meta":{"footnotes":""},"class_list":["post-65","page","type-page","status-publish","hentry"],"_links":{"self":[{"href":"https:\/\/grundschule-badsoden.de\/index.php\/wp-json\/wp\/v2\/pages\/65","targetHints":{"allow":["GET"]}}],"collection":[{"href":"https:\/\/grundschule-badsoden.de\/index.php\/wp-json\/wp\/v2\/pages"}],"about":[{"href":"https:\/\/grundschule-badsoden.de\/index.php\/wp-json\/wp\/v2\/types\/page"}],"author":[{"embeddable":true,"href":"https:\/\/grundschule-badsoden.de\/index.php\/wp-json\/wp\/v2\/users\/1"}],"replies":[{"embeddable":true,"href":"https:\/\/grundschule-badsoden.de\/index.php\/wp-json\/wp\/v2\/comments?post=65"}],"version-history":[{"count":0,"href":"https:\/\/grundschule-badsoden.de\/index.php\/wp-json\/wp\/v2\/pages\/65\/revisions"}],"wp:attachment":[{"href":"https:\/\/grundschule-badsoden.de\/index.php\/wp-json\/wp\/v2\/media?parent=65"}],"curies":[{"name":"wp","href":"https:\/\/api.w.org\/{rel}","templated":true}]}}