{"id":69,"date":"2020-05-22T15:39:10","date_gmt":"2020-05-22T13:39:10","guid":{"rendered":"http:\/\/grundschule-badsoden.de\/?page_id=69"},"modified":"2025-10-01T18:30:07","modified_gmt":"2025-10-01T16:30:07","slug":"schuelerbuecherei","status":"publish","type":"page","link":"https:\/\/grundschule-badsoden.de\/index.php\/schuelerbuecherei\/","title":{"rendered":"Sch\u00fclerb\u00fccherei"},"content":{"rendered":"\n<p>Unsere Schule hat eine kleine Sch\u00fclerb\u00fccherei. Sie befindet sich im Dachgeschoss, seit 2023 in zwei neu eingerichteten R\u00e4umen.<br><br>F\u00fcr unsere Leseratten stehen hier mehr als 3000 B\u00fccher zur Verf\u00fcgung. Wir haben viele Sachb\u00fccher zu den unterschiedlichsten Themen. Es gibt jedoch auch Bilderb\u00fccher, B\u00fccher f\u00fcr Anf\u00e4nger und ge\u00fcbte Leser. <br>Pferdeb\u00fccher, Detektivgeschichten und viele andere interessante Gebiete lassen das Lesen zum Erlebnis werden.<br>Zurzeit k\u00f6nnen die Klassen 1 bis 4 zweimal pro Woche zur B\u00fccherei gehen, um B\u00fccher auszuleihen bzw. sie zur\u00fcckzugeben. <br><br>Die Ausleihe in der B\u00fccherei erfolgt durch Frau Merlau, die gleichzeitig die Leitung der B\u00fccherei hat.<\/p>\n\n\n\n<p>Zu folgenden <strong>Zeiten<\/strong> k\u00f6nnen die Klassen in die B\u00fccherei kommen und B\u00fccher entleihen oder zur\u00fcckgeben:<\/p>\n\n\n\n<p><strong>Mittwoch, 6. Stunde<\/strong>: Klassen 2a, 3b, 4a, 4b<\/p>\n\n\n\n<p><strong>Donnerstag, 1. Stunde<\/strong>: Klassen 2b, 3a, 1a und 1b (nach den Weihnachtsferien)<\/p>\n\n\n\n<p><\/p>\n\n\n<div class=\"wp-block-image\">\n<figure class=\"aligncenter size-large\"><img loading=\"lazy\" decoding=\"async\" width=\"1024\" height=\"768\" src=\"https:\/\/grundschule-badsoden.de\/wp-content\/uploads\/2023\/09\/IMG_2742-1024x768.jpeg\" alt=\"\" class=\"wp-image-2742\" srcset=\"https:\/\/grundschule-badsoden.de\/wp-content\/uploads\/2023\/09\/IMG_2742-1024x768.jpeg 1024w, https:\/\/grundschule-badsoden.de\/wp-content\/uploads\/2023\/09\/IMG_2742-300x225.jpeg 300w, https:\/\/grundschule-badsoden.de\/wp-content\/uploads\/2023\/09\/IMG_2742-768x576.jpeg 768w, https:\/\/grundschule-badsoden.de\/wp-content\/uploads\/2023\/09\/IMG_2742-1536x1152.jpeg 1536w, https:\/\/grundschule-badsoden.de\/wp-content\/uploads\/2023\/09\/IMG_2742-2048x1536.jpeg 2048w, https:\/\/grundschule-badsoden.de\/wp-content\/uploads\/2023\/09\/IMG_2742-360x270.jpeg 360w, https:\/\/grundschule-badsoden.de\/wp-content\/uploads\/2023\/09\/IMG_2742-80x60.jpeg 80w\" sizes=\"auto, (max-width: 1024px) 100vw, 1024px\" \/><figcaption class=\"wp-element-caption\">Viele B\u00fccher&#8230;<\/figcaption><\/figure>\n<\/div>\n\n<div class=\"wp-block-image\">\n<figure class=\"aligncenter size-large\"><img loading=\"lazy\" decoding=\"async\" width=\"1024\" height=\"768\" src=\"https:\/\/grundschule-badsoden.de\/wp-content\/uploads\/2023\/09\/IMG_2745-1024x768.jpeg\" alt=\"\" class=\"wp-image-2745\" srcset=\"https:\/\/grundschule-badsoden.de\/wp-content\/uploads\/2023\/09\/IMG_2745-1024x768.jpeg 1024w, https:\/\/grundschule-badsoden.de\/wp-content\/uploads\/2023\/09\/IMG_2745-300x225.jpeg 300w, https:\/\/grundschule-badsoden.de\/wp-content\/uploads\/2023\/09\/IMG_2745-768x576.jpeg 768w, https:\/\/grundschule-badsoden.de\/wp-content\/uploads\/2023\/09\/IMG_2745-1536x1152.jpeg 1536w, https:\/\/grundschule-badsoden.de\/wp-content\/uploads\/2023\/09\/IMG_2745-2048x1536.jpeg 2048w, https:\/\/grundschule-badsoden.de\/wp-content\/uploads\/2023\/09\/IMG_2745-360x270.jpeg 360w, https:\/\/grundschule-badsoden.de\/wp-content\/uploads\/2023\/09\/IMG_2745-80x60.jpeg 80w\" sizes=\"auto, (max-width: 1024px) 100vw, 1024px\" \/><figcaption class=\"wp-element-caption\">&#8230;sortiert nach Farben<\/figcaption><\/figure>\n<\/div>\n\n<div class=\"wp-block-image\">\n<figure class=\"aligncenter size-large is-resized\"><img loading=\"lazy\" decoding=\"async\" width=\"768\" height=\"1024\" src=\"https:\/\/grundschule-badsoden.de\/wp-content\/uploads\/2023\/09\/IMG_1528-768x1024.jpeg\" alt=\"\" class=\"wp-image-2767\" style=\"width:420px;height:560px\" srcset=\"https:\/\/grundschule-badsoden.de\/wp-content\/uploads\/2023\/09\/IMG_1528-768x1024.jpeg 768w, https:\/\/grundschule-badsoden.de\/wp-content\/uploads\/2023\/09\/IMG_1528-225x300.jpeg 225w, https:\/\/grundschule-badsoden.de\/wp-content\/uploads\/2023\/09\/IMG_1528-1152x1536.jpeg 1152w, https:\/\/grundschule-badsoden.de\/wp-content\/uploads\/2023\/09\/IMG_1528-1536x2048.jpeg 1536w, https:\/\/grundschule-badsoden.de\/wp-content\/uploads\/2023\/09\/IMG_1528-scaled.jpeg 1920w\" sizes=\"auto, (max-width: 768px) 100vw, 768px\" \/><figcaption class=\"wp-element-caption\">Englische Literatur und Zeitschriften<\/figcaption><\/figure>\n<\/div>\n\n\n<p><\/p>\n\n\n<div class=\"wp-block-image\">\n<figure class=\"aligncenter size-large is-resized\"><img loading=\"lazy\" decoding=\"async\" width=\"1024\" height=\"768\" src=\"https:\/\/grundschule-badsoden.de\/wp-content\/uploads\/2023\/09\/IMG_2743-1024x768.jpeg\" alt=\"\" class=\"wp-image-2743\" style=\"width:766px;height:575px\" srcset=\"https:\/\/grundschule-badsoden.de\/wp-content\/uploads\/2023\/09\/IMG_2743-1024x768.jpeg 1024w, https:\/\/grundschule-badsoden.de\/wp-content\/uploads\/2023\/09\/IMG_2743-300x225.jpeg 300w, https:\/\/grundschule-badsoden.de\/wp-content\/uploads\/2023\/09\/IMG_2743-768x576.jpeg 768w, https:\/\/grundschule-badsoden.de\/wp-content\/uploads\/2023\/09\/IMG_2743-1536x1152.jpeg 1536w, https:\/\/grundschule-badsoden.de\/wp-content\/uploads\/2023\/09\/IMG_2743-2048x1536.jpeg 2048w, https:\/\/grundschule-badsoden.de\/wp-content\/uploads\/2023\/09\/IMG_2743-360x270.jpeg 360w, https:\/\/grundschule-badsoden.de\/wp-content\/uploads\/2023\/09\/IMG_2743-80x60.jpeg 80w\" sizes=\"auto, (max-width: 1024px) 100vw, 1024px\" \/><figcaption class=\"wp-element-caption\">Raum f\u00fcr Klasse 1 und 2<\/figcaption><\/figure>\n<\/div>\n\n<div class=\"wp-block-image\">\n<figure class=\"aligncenter size-large is-resized\"><img loading=\"lazy\" decoding=\"async\" width=\"1024\" height=\"768\" src=\"https:\/\/grundschule-badsoden.de\/wp-content\/uploads\/2023\/09\/IMG_1529-1024x768.jpeg\" alt=\"\" class=\"wp-image-2768\" style=\"width:769px;height:576px\" srcset=\"https:\/\/grundschule-badsoden.de\/wp-content\/uploads\/2023\/09\/IMG_1529-1024x768.jpeg 1024w, https:\/\/grundschule-badsoden.de\/wp-content\/uploads\/2023\/09\/IMG_1529-300x225.jpeg 300w, https:\/\/grundschule-badsoden.de\/wp-content\/uploads\/2023\/09\/IMG_1529-768x576.jpeg 768w, https:\/\/grundschule-badsoden.de\/wp-content\/uploads\/2023\/09\/IMG_1529-1536x1152.jpeg 1536w, https:\/\/grundschule-badsoden.de\/wp-content\/uploads\/2023\/09\/IMG_1529-2048x1536.jpeg 2048w, https:\/\/grundschule-badsoden.de\/wp-content\/uploads\/2023\/09\/IMG_1529-360x270.jpeg 360w, https:\/\/grundschule-badsoden.de\/wp-content\/uploads\/2023\/09\/IMG_1529-80x60.jpeg 80w\" sizes=\"auto, (max-width: 1024px) 100vw, 1024px\" \/><figcaption class=\"wp-element-caption\">B\u00fccher mit Silbenhervorhebung<\/figcaption><\/figure>\n<\/div>\n\n\n<figure class=\"wp-block-gallery has-nested-images columns-default is-cropped wp-block-gallery-1 is-layout-flex wp-block-gallery-is-layout-flex\"><\/figure>\n\n\n\n<figure class=\"wp-block-gallery has-nested-images columns-default is-cropped wp-block-gallery-2 is-layout-flex wp-block-gallery-is-layout-flex\"><\/figure>\n","protected":false},"excerpt":{"rendered":"<p>Unsere Schule hat eine kleine Sch\u00fclerb\u00fccherei. Sie befindet sich im Dachgeschoss, seit 2023 in zwei neu eingerichteten R\u00e4umen. F\u00fcr unsere Leseratten stehen hier mehr als 3000 B\u00fccher zur Verf\u00fcgung. Wir [&hellip;]<\/p>\n","protected":false},"author":1,"featured_media":0,"parent":0,"menu_order":0,"comment_status":"closed","ping_status":"closed","template":"","meta":{"footnotes":""},"class_list":["post-69","page","type-page","status-publish","hentry"],"_links":{"self":[{"href":"https:\/\/grundschule-badsoden.de\/index.php\/wp-json\/wp\/v2\/pages\/69","targetHints":{"allow":["GET"]}}],"collection":[{"href":"https:\/\/grundschule-badsoden.de\/index.php\/wp-json\/wp\/v2\/pages"}],"about":[{"href":"https:\/\/grundschule-badsoden.de\/index.php\/wp-json\/wp\/v2\/types\/page"}],"author":[{"embeddable":true,"href":"https:\/\/grundschule-badsoden.de\/index.php\/wp-json\/wp\/v2\/users\/1"}],"replies":[{"embeddable":true,"href":"https:\/\/grundschule-badsoden.de\/index.php\/wp-json\/wp\/v2\/comments?post=69"}],"version-history":[{"count":0,"href":"https:\/\/grundschule-badsoden.de\/index.php\/wp-json\/wp\/v2\/pages\/69\/revisions"}],"wp:attachment":[{"href":"https:\/\/grundschule-badsoden.de\/index.php\/wp-json\/wp\/v2\/media?parent=69"}],"curies":[{"name":"wp","href":"https:\/\/api.w.org\/{rel}","templated":true}]}}

Schülerbücherei

<p>Unsere Schule hat eine kleine Schülerbücherei. Sie befindet sich im Dachgeschoss, seit 2023 in zwei neu eingerichteten Räumen.<br><br>Für unsere Leseratten stehen hier mehr als 3000 Bücher zur Verfügung. Wir haben viele Sachbücher zu den unterschiedlichsten Themen. Es gibt jedoch auch Bilderbücher, Bücher für Anfänger und geübte Leser. <br>Pferdebücher, Detektivgeschichten und viele andere interessante Gebiete lassen das Lesen zum Erlebnis werden.<br>Zurzeit können die Klassen 1 bis 4 zweimal pro Woche zur Bücherei gehen, um Bücher auszuleihen bzw. sie zurückzugeben. <br><br>Die Ausleihe in der Bücherei erfolgt durch Frau Merlau, die gleichzeitig die Leitung der Bücherei hat.</p>



<p>Zu folgenden <strong>Zeiten</strong> können die Klassen in die Bücherei kommen und Bücher entleihen oder zurückgeben:</p>



<p><strong>Mittwoch, 6. Stunde</strong>: Klassen 2a, 3b, 4a, 4b</p>



<p><strong>Donnerstag, 1. Stunde</strong>: Klassen 2b, 3a, 1a und 1b (nach den Weihnachtsferien)</p>



<p></p>


<div class="wp-block-image">
<figure class="aligncenter size-large"><img loading="lazy" decoding="async" width="1024" height="768" src="https://grundschule-badsoden.de/wp-content/uploads/2023/09/IMG_2742-1024x768.jpeg" alt="" class="wp-image-2742" srcset="https://grundschule-badsoden.de/wp-content/uploads/2023/09/IMG_2742-1024x768.jpeg 1024w, https://grundschule-badsoden.de/wp-content/uploads/2023/09/IMG_2742-300x225.jpeg 300w, https://grundschule-badsoden.de/wp-content/uploads/2023/09/IMG_2742-768x576.jpeg 768w, https://grundschule-badsoden.de/wp-content/uploads/2023/09/IMG_2742-1536x1152.jpeg 1536w, https://grundschule-badsoden.de/wp-content/uploads/2023/09/IMG_2742-2048x1536.jpeg 2048w, https://grundschule-badsoden.de/wp-content/uploads/2023/09/IMG_2742-360x270.jpeg 360w, https://grundschule-badsoden.de/wp-content/uploads/2023/09/IMG_2742-80x60.jpeg 80w" sizes="auto, (max-width: 1024px) 100vw, 1024px" /><figcaption class="wp-element-caption">Viele Bücher&#8230;</figcaption></figure>
</div>

<div class="wp-block-image">
<figure class="aligncenter size-large"><img loading="lazy" decoding="async" width="1024" height="768" src="https://grundschule-badsoden.de/wp-content/uploads/2023/09/IMG_2745-1024x768.jpeg" alt="" class="wp-image-2745" srcset="https://grundschule-badsoden.de/wp-content/uploads/2023/09/IMG_2745-1024x768.jpeg 1024w, https://grundschule-badsoden.de/wp-content/uploads/2023/09/IMG_2745-300x225.jpeg 300w, https://grundschule-badsoden.de/wp-content/uploads/2023/09/IMG_2745-768x576.jpeg 768w, https://grundschule-badsoden.de/wp-content/uploads/2023/09/IMG_2745-1536x1152.jpeg 1536w, https://grundschule-badsoden.de/wp-content/uploads/2023/09/IMG_2745-2048x1536.jpeg 2048w, https://grundschule-badsoden.de/wp-content/uploads/2023/09/IMG_2745-360x270.jpeg 360w, https://grundschule-badsoden.de/wp-content/uploads/2023/09/IMG_2745-80x60.jpeg 80w" sizes="auto, (max-width: 1024px) 100vw, 1024px" /><figcaption class="wp-element-caption">&#8230;sortiert nach Farben</figcaption></figure>
</div>

<div class="wp-block-image">
<figure class="aligncenter size-large is-resized"><img loading="lazy" decoding="async" width="768" height="1024" src="https://grundschule-badsoden.de/wp-content/uploads/2023/09/IMG_1528-768x1024.jpeg" alt="" class="wp-image-2767" style="width:420px;height:560px" srcset="https://grundschule-badsoden.de/wp-content/uploads/2023/09/IMG_1528-768x1024.jpeg 768w, https://grundschule-badsoden.de/wp-content/uploads/2023/09/IMG_1528-225x300.jpeg 225w, https://grundschule-badsoden.de/wp-content/uploads/2023/09/IMG_1528-1152x1536.jpeg 1152w, https://grundschule-badsoden.de/wp-content/uploads/2023/09/IMG_1528-1536x2048.jpeg 1536w, https://grundschule-badsoden.de/wp-content/uploads/2023/09/IMG_1528-scaled.jpeg 1920w" sizes="auto, (max-width: 768px) 100vw, 768px" /><figcaption class="wp-element-caption">Englische Literatur und Zeitschriften</figcaption></figure>
</div>


<p></p>


<div class="wp-block-image">
<figure class="aligncenter size-large is-resized"><img loading="lazy" decoding="async" width="1024" height="768" src="https://grundschule-badsoden.de/wp-content/uploads/2023/09/IMG_2743-1024x768.jpeg" alt="" class="wp-image-2743" style="width:766px;height:575px" srcset="https://grundschule-badsoden.de/wp-content/uploads/2023/09/IMG_2743-1024x768.jpeg 1024w, https://grundschule-badsoden.de/wp-content/uploads/2023/09/IMG_2743-300x225.jpeg 300w, https://grundschule-badsoden.de/wp-content/uploads/2023/09/IMG_2743-768x576.jpeg 768w, https://grundschule-badsoden.de/wp-content/uploads/2023/09/IMG_2743-1536x1152.jpeg 1536w, https://grundschule-badsoden.de/wp-content/uploads/2023/09/IMG_2743-2048x1536.jpeg 2048w, https://grundschule-badsoden.de/wp-content/uploads/2023/09/IMG_2743-360x270.jpeg 360w, https://grundschule-badsoden.de/wp-content/uploads/2023/09/IMG_2743-80x60.jpeg 80w" sizes="auto, (max-width: 1024px) 100vw, 1024px" /><figcaption class="wp-element-caption">Raum für Klasse 1 und 2</figcaption></figure>
</div>

<div class="wp-block-image">
<figure class="aligncenter size-large is-resized"><img loading="lazy" decoding="async" width="1024" height="768" src="https://grundschule-badsoden.de/wp-content/uploads/2023/09/IMG_1529-1024x768.jpeg" alt="" class="wp-image-2768" style="width:769px;height:576px" srcset="https://grundschule-badsoden.de/wp-content/uploads/2023/09/IMG_1529-1024x768.jpeg 1024w, https://grundschule-badsoden.de/wp-content/uploads/2023/09/IMG_1529-300x225.jpeg 300w, https://grundschule-badsoden.de/wp-content/uploads/2023/09/IMG_1529-768x576.jpeg 768w, https://grundschule-badsoden.de/wp-content/uploads/2023/09/IMG_1529-1536x1152.jpeg 1536w, https://grundschule-badsoden.de/wp-content/uploads/2023/09/IMG_1529-2048x1536.jpeg 2048w, https://grundschule-badsoden.de/wp-content/uploads/2023/09/IMG_1529-360x270.jpeg 360w, https://grundschule-badsoden.de/wp-content/uploads/2023/09/IMG_1529-80x60.jpeg 80w" sizes="auto, (max-width: 1024px) 100vw, 1024px" /><figcaption class="wp-element-caption">Bücher mit Silbenhervorhebung</figcaption></figure>
</div>


<figure class="wp-block-gallery has-nested-images columns-default is-cropped wp-block-gallery-1 is-layout-flex wp-block-gallery-is-layout-flex"></figure>



<figure class="wp-block-gallery has-nested-images columns-default is-cropped wp-block-gallery-2 is-layout-flex wp-block-gallery-is-layout-flex"></figure>

<p>Unsere Schule hat eine kleine Schülerbücherei. Sie befindet sich im Dachgeschoss, seit 2023 in zwei neu eingerichteten Räumen. Für unsere Leseratten stehen hier mehr als 3000 Bücher zur Verfügung. Wir [&hellip;]</p>
