{"id":96,"date":"2020-06-02T11:48:45","date_gmt":"2020-06-02T09:48:45","guid":{"rendered":"http:\/\/grundschule-badsoden.de\/?page_id=96"},"modified":"2021-10-19T09:50:12","modified_gmt":"2021-10-19T07:50:12","slug":"infos","status":"publish","type":"page","link":"https:\/\/grundschule-badsoden.de\/index.php\/infos\/","title":{"rendered":"Infos"},"content":{"rendered":"\n<h3 class=\"wp-block-heading\">Wichtige Informationen<\/h3>\n\n\n\n<h3 class=\"wp-block-heading\"><strong>Liebe Eltern, bitte beachten Sie folgende Hinweise:<\/strong><\/h3>\n\n\n\n<ol class=\"wp-block-list\"><li>Besprechen und \u00fcben Sie mit Ihren Kindern den Schulweg, damit Ihr Kind sicher ankommt. Alle Kinder k\u00f6nnen zu Fu\u00df in die Schule kommen.<br>Wenn Sie Ihr Kind mit dem Auto bringen bzw. abholen m\u00fcssen, da der Fu\u00dfweg zu lang w\u00e4re, beachten Sie unbedingt,<strong>&nbsp;nicht vor dem Schulgrundst\u00fcck zu parken!<\/strong>&nbsp;Sie gef\u00e4hrden Ihr eigenes Kind sowie andere Kinder. Bitte parken Sie in der Sebastian-Herbst-Stra\u00dfe oder im Turnerweg, jedoch hinter dem Schulgrundst\u00fcck (Parkplatz). Sollte sich die derzeitige Situation mit dem Halten im Halteverbot nicht \u00e4ndern, sind wir zur Sicherheit der Kinder gezwungen, die Ordnungsbeh\u00f6rde zu informieren.<\/li><\/ol>\n\n\n\n<div style=\"height:20px\" aria-hidden=\"true\" class=\"wp-block-spacer\"><\/div>\n\n\n\n<ol class=\"wp-block-list\" start=\"2\"><li>Schicken Sie Ihre Kinder p\u00fcnktlich zum Unterricht!<\/li><\/ol>\n\n\n\n<div style=\"height:20px\" aria-hidden=\"true\" class=\"wp-block-spacer\"><\/div>\n\n\n\n<ol class=\"wp-block-list\" start=\"3\"><li>Wenn Ihr Kind krank ist oder aus anderen Gr\u00fcnden am Schulbesuch verhindert ist, m\u00fcssen Sie es entschuldigen. Informieren Sie bitte ein anderes Kind aus der Klasse, damit dieses der Lehrerin Bescheid sagen kann, und am Ende der Fehlzeit geben Sie uns bitte eine schriftliche Entschuldigung. Sollte ein Kind unentschuldigt fehlen, rufen wir bei Ihnen an, wenn wir niemanden erreichen, melden wir das Fehlen des Kindes bei der Polizei.<\/li><\/ol>\n\n\n\n<div style=\"height:20px\" aria-hidden=\"true\" class=\"wp-block-spacer\"><\/div>\n\n\n\n<ol class=\"wp-block-list\" start=\"4\"><li><strong>Ansteckende Krankheiten oder L\u00e4usebefall<\/strong>&nbsp;m\u00fcssen sofort der Schulleitung mitgeteilt werden.<\/li><\/ol>\n\n\n\n<div style=\"height:20px\" aria-hidden=\"true\" class=\"wp-block-spacer\"><\/div>\n\n\n\n<ol class=\"wp-block-list\" start=\"5\"><li>Beurlaubungen werden nur aus zwingenden Gr\u00fcnden erteilt und m\u00fcssen vorher schriftlich bei der Schulleitung beantragt werden. Beurlaubungen direkt vor oder nach den Ferien werden grunds\u00e4tzlich nicht erteilt. Vers\u00e4umter Unterrichtsstoff muss grunds\u00e4tzlich in Eigenverantwortung nachgeholt werden.<\/li><\/ol>\n\n\n\n<div style=\"height:20px\" aria-hidden=\"true\" class=\"wp-block-spacer\"><\/div>\n\n\n\n<ol class=\"wp-block-list\" start=\"6\"><li>Eine&nbsp;<strong>\u00c4nderung Ihrer Anschrift oder Telefonnummer<\/strong>&nbsp;ist&nbsp;<strong>unverz\u00fcglich schriftlich der Schule bekannt zu geben.<\/strong><\/li><\/ol>\n\n\n\n<div style=\"height:20px\" aria-hidden=\"true\" class=\"wp-block-spacer\"><\/div>\n\n\n\n<ol class=\"wp-block-list\" start=\"7\"><li>F\u00fcr Geld- und Wertsachen, die Ihr Kind mit in die Schule bringt, wird keine Haftung \u00fcbernommen.<\/li><\/ol>\n\n\n\n<div style=\"height:20px\" aria-hidden=\"true\" class=\"wp-block-spacer\"><\/div>\n\n\n\n<ol class=\"wp-block-list\" start=\"8\"><li>Achten Sie bitte darauf, dass Ihr Kind die Schulb\u00fccher ordentlich behandelt, da sie sonst ersetzt werden m\u00fcssen.&nbsp;<strong>Schulb\u00fccher m\u00fcssen eingebunden werden.<\/strong>&nbsp;Auch die Einrichtungen der Schule und die Lernmittel sind ordentlich und sorgf\u00e4ltig zu behandeln. Achten Sie bitte darauf, dass die Kinder ihre notwendigen Arbeitsmaterialien (Hefte, Schere, Kleber, Stifte usw.) immer dabei haben.<\/li><\/ol>\n\n\n\n<div style=\"height:20px\" aria-hidden=\"true\" class=\"wp-block-spacer\"><\/div>\n\n\n\n<ol class=\"wp-block-list\" start=\"9\"><li>Wir machen Sie darauf aufmerksam, dass unsere Schule eine rauch- und alkoholfreie Zone ist.<\/li><\/ol>\n\n\n\n<div style=\"height:20px\" aria-hidden=\"true\" class=\"wp-block-spacer\"><\/div>\n\n\n\n<div style=\"height:20px\" aria-hidden=\"true\" class=\"wp-block-spacer\"><\/div>\n\n\n\n<ol class=\"wp-block-list\" start=\"10\"><li>W\u00fcnschen Sie ein Gespr\u00e4ch mit der Lehrerin, so vereinbaren Sie mit ihr einen Termin. Die Pausen, bzw. die Zeit vor Unterrichtsbeginn reicht erfahrungsgem\u00e4\u00df nicht aus, so dass die Kollegin mit ihrem Unterricht nicht p\u00fcnktlich beginnen kann.<br><br>Die Schulleitung<\/li><\/ol>\n\n\n\n<div style=\"height:75px\" aria-hidden=\"true\" class=\"wp-block-spacer\"><\/div>\n\n\n\n<p><strong>Krankmeldung<\/strong><br>Ist Ihr Kind erkrankt, so geben Sie bitte am selben Tag telefonisch bei einer Mitsch\u00fclerin oder einem Mitsch\u00fcler oder schriftlich per E Mail bei der Klassenlehrerin Bescheid.<br><strong>Bitte rufen Sie nicht in der Schule an!<\/strong><br>Am Ende der Fehlzeit ist eine schriftliche Entschuldigung durch einen Erziehungsberechtigten abzugeben.<br>Nutzen Sie dazu bitte im Schulplaner die Vordrucke, unterzeichnen Sie diese, der Klassenlehrer\/ die Klassenlehrerin zeichnet diese gegen. Bitte schneiden Sie diese Krankmeldungen nicht aus, sie verbleiben im Schulplaner.<\/p>\n\n\n\n<p><\/p>\n\n\n\n<p><\/p>\n\n\n\n<p><strong>Hitzefrei<\/strong><br>Erreicht die Temperatur in einem f\u00fcr die Temperatur repr\u00e4sentativen Unterrichtsraum um 11 Uhr 25\u00b0 C, so ist um 12:25 Uhr Unterrichtsschluss. Damit m\u00fcssen auch die Eltern und Erziehungsberechtigten von Sch\u00fclerinnen und Sch\u00fclern der ersten und zweiten Klassen rechnen. Besondere telefonische Benachrichtigungen, wie sonst bei nicht planm\u00e4\u00dfigem vorzeitigem Unterrichtsschluss, erfolgen in diesen seltenen F\u00e4llen nicht!<\/p>\n\n\n\n<p><\/p>\n\n\n\n<p><strong>Beurlaubungen vor und nach den Ferien<\/strong><br>Nach der Ferienordnung sind Beurlaubungen nur aus wichtigen Gr\u00fcnden zul\u00e4ssig. Eine solche Beurlaubung muss sp\u00e4testens drei Wochen vor Ferienbeginn schriftlich bei der Schulleitung beantragt und begr\u00fcndet werden. Die Schulleitung entscheidet \u00fcber die Beurlaubung. Bei Zuwiderhandlung ist die Schulleitung verpflichtet, ein Bu\u00dfgeldverfahren einzuleiten.<\/p>\n\n\n\n<p><\/p>\n\n\n\n<p><strong>Schulb\u00fccher<\/strong><br>Alle Schulkinder erhalten im Rahmen der Lernmittelfreiheit ihre Schulb\u00fccher kostenfrei.<br>Wir m\u00fcssen streng darauf achten, dass mit den B\u00fcchern pfleglich umgegangen wird. Ein Schulbuch muss mindestens 5 Jahre lang halten, bevor es ersetzt werden kann, denn unsere finanziellen Mittel sind begrenzt. Bitte helfen Sie uns dabei, indem Sie darauf achten, dass die Schulb\u00fccher sorgf\u00e4ltig behandelt werden. <\/p>\n\n\n\n<p><strong>Jedes Schulbuch muss innerhalb der ersten Woche des Schuljahres eingebunden werden!<\/strong><\/p>\n\n\n\n<p>Au\u00dferdem sollte direkt im Schulranzen kein Trinken aufbewahrt werden!<\/p>\n\n\n\n<p>Arg zugerichtete Schulb\u00fccher (auch Wassersch\u00e4den) m\u00fcssen von Ihnen ersetzt werden. Wir bitten um Ihr Verst\u00e4ndnis.<\/p>\n\n\n\n<p>Die Kinder des ersten Schuljahres behalten am Ende des Schuljahres ihre Arbeitsunterlagen.<\/p>\n\n\n\n<p>Leider reichen die B\u00fccher nicht aus, um ausreichend zu \u00fcben. Darum werden in den einzelnen Jahrgangsstufen noch diverse \u00dcbungshefte angeschafft. N\u00e4heres erfahren Sie von der jeweiligen Klassenlehrerin.<\/p>\n","protected":false},"excerpt":{"rendered":"<p>Wichtige Informationen Liebe Eltern, bitte beachten Sie folgende Hinweise: Besprechen und \u00fcben Sie mit Ihren Kindern den Schulweg, damit Ihr Kind sicher ankommt. Alle Kinder k\u00f6nnen zu Fu\u00df in die [&hellip;]<\/p>\n","protected":false},"author":1,"featured_media":0,"parent":0,"menu_order":0,"comment_status":"closed","ping_status":"closed","template":"","meta":{"footnotes":""},"class_list":["post-96","page","type-page","status-publish","hentry"],"_links":{"self":[{"href":"https:\/\/grundschule-badsoden.de\/index.php\/wp-json\/wp\/v2\/pages\/96","targetHints":{"allow":["GET"]}}],"collection":[{"href":"https:\/\/grundschule-badsoden.de\/index.php\/wp-json\/wp\/v2\/pages"}],"about":[{"href":"https:\/\/grundschule-badsoden.de\/index.php\/wp-json\/wp\/v2\/types\/page"}],"author":[{"embeddable":true,"href":"https:\/\/grundschule-badsoden.de\/index.php\/wp-json\/wp\/v2\/users\/1"}],"replies":[{"embeddable":true,"href":"https:\/\/grundschule-badsoden.de\/index.php\/wp-json\/wp\/v2\/comments?post=96"}],"version-history":[{"count":0,"href":"https:\/\/grundschule-badsoden.de\/index.php\/wp-json\/wp\/v2\/pages\/96\/revisions"}],"wp:attachment":[{"href":"https:\/\/grundschule-badsoden.de\/index.php\/wp-json\/wp\/v2\/media?parent=96"}],"curies":[{"name":"wp","href":"https:\/\/api.w.org\/{rel}","templated":true}]}}